{"id":11366,"date":"2023-08-15T14:16:02","date_gmt":"2023-08-15T12:16:02","guid":{"rendered":"https:\/\/www.sigmund-freud-institut.de\/?page_id=11366"},"modified":"2026-02-11T11:50:05","modified_gmt":"2026-02-11T10:50:05","slug":"schwerpunkt-iv-abgeschlossene-projekte","status":"publish","type":"page","link":"https:\/\/sigmund-freud-institut.de\/index.php\/schwerpunkt-iv-abgeschlossene-projekte\/","title":{"rendered":"Schwerpunkt IV &#8211; Abgeschlossene Projekte"},"content":{"rendered":"\n<p><strong><a href=\"https:\/\/contrust.uni-frankfurt.de\/\">\u201aConTrust\u2018: Vertrauen im Konflikt. Politisches Zusammenleben unter Bedingungen der Ungewissheit<\/a><\/strong><\/p>\n\n\n\n<p><strong>SprecherInnen<\/strong>: Prof. Dr. Nicole Deitelhoff, Prof. Dr. Rainer Forst<br><strong>Principal Investigator am SFI<\/strong>: Prof. Dr. Vera King<br><strong>Gef\u00f6rdert durch<\/strong>: Land Hessen<br><strong>Projektlaufzeit<\/strong>: 2021 \u2013 2025<\/p>\n\n\n\n<p>Konflikte sind in Gesellschaften nicht nur unvermeidbar; sie sind f\u00fcr demokratisches Zusammenleben und gesellschaftlichen Fortschritt unabdingbar. Doch wie k\u00f6nnen die Konfliktparteien sicher sein, dass sie sich nicht auf ungesch\u00fctztes Terrain begeben, dass der Streit nicht zerst\u00f6rerisch wird? Das Geheimnis des gesellschaftlichen Zusammenhalts, davon geht das am Zentrum Normative Ordnungen angesiedelte Forschungsvorhaben ConTrust aus, ist Vertrauen, das im und durch Konflikt gebildet und gef\u00f6rdert wird \u2013 und nicht jenseits davon. Ziel ist eine Diagnostik der Dynamik von Vertrauen und Misstrauen in Konfliktsituationen.<\/p>\n\n\n\n<p>&#8211;<\/p>\n\n\n\n<p><strong><a href=\"http:\/\/www.sigmund-freud-institut.de\/index.php\/institut\/mitarbeiter-innen\/dr-phil-kurt-gruenberg\/szenisches-erinnern-der-shoah\/\">Szenisches Erinnern der Shoah. Zur transgenerationalen Tradierung extremen Traumas in Deutschland<\/a><\/strong><\/p>\n\n\n\n<p><strong>Wissenschaftliche Leitung<\/strong>: Dr. Kurt Gr\u00fcnberg, Co-Projektleitung: Dr. Friedrich Markert<br><strong>Doktorandinnen<\/strong>: Jasmin Bleimling, Veronika Heller<br><strong>Gef\u00f6rdert durch<\/strong>: K\u00f6hler-Stiftung, Crespo Foundation, Stiftung Polytechnische Gesellschaft\u00a0<br><strong>Projektlaufzeit<\/strong>: 2012 \u2013 2015<\/p>\n\n\n\n<p>&#8211;<\/p>\n\n\n\n<p><strong><br><a href=\"http:\/\/www.sigmund-freud-institut.de\/index.php\/forschung\/forschungsschwerpunkte\/psychoanalytisch-orientierte-biographieforschung-zu-rechten-sozialisationsprozessen-in-er-politischen-mitte\/\">Psychoanalytisch orientierte Biographieforschung zu rechten Sozialisationsprozessen in der politischen \u201eMitte\u201c<\/a><\/strong><\/p>\n\n\n\n<p><strong>Wissenschaftliche Leitung<\/strong>: Dr. Jan Lohl<br><strong>Gef\u00f6rdert durch<\/strong>: Stiftung f\u00fcr Psychoanalyse und Psychotherapie<br><strong>Projektlaufzeit<\/strong>: 01\/19 \u2013 01\/20<\/p>\n","protected":false},"excerpt":{"rendered":"<p>\u201aConTrust\u2018: Vertrauen im Konflikt. Politisches Zusammenleben unter Bedingungen der Ungewissheit SprecherInnen: Prof. Dr. Nicole Deitelhoff, Prof. Dr. Rainer ForstPrincipal Investigator am SFI: Prof. Dr. Vera KingGef\u00f6rdert durch: Land HessenProjektlaufzeit: 2021 \u2013 2025 Konflikte sind in Gesellschaften nicht nur unvermeidbar; sie sind f\u00fcr demokratisches Zusammenleben und gesellschaftlichen Fortschritt unabdingbar. Doch wie k\u00f6nnen die Konfliktparteien sicher sein, &hellip; <\/p>\n<p class=\"link-more\"><a href=\"https:\/\/sigmund-freud-institut.de\/index.php\/schwerpunkt-iv-abgeschlossene-projekte\/\" class=\"more-link\"><span class=\"screen-reader-text\">\u201eSchwerpunkt IV &#8211; Abgeschlossene Projekte\u201c<\/span> weiterlesen<\/a><\/p>\n","protected":false},"author":9,"featured_media":0,"parent":0,"menu_order":0,"comment_status":"closed","ping_status":"closed","template":"","meta":{"footnotes":""},"class_list":["post-11366","page","type-page","status-publish","hentry"],"_links":{"self":[{"href":"https:\/\/sigmund-freud-institut.de\/index.php\/wp-json\/wp\/v2\/pages\/11366","targetHints":{"allow":["GET"]}}],"collection":[{"href":"https:\/\/sigmund-freud-institut.de\/index.php\/wp-json\/wp\/v2\/pages"}],"about":[{"href":"https:\/\/sigmund-freud-institut.de\/index.php\/wp-json\/wp\/v2\/types\/page"}],"author":[{"embeddable":true,"href":"https:\/\/sigmund-freud-institut.de\/index.php\/wp-json\/wp\/v2\/users\/9"}],"replies":[{"embeddable":true,"href":"https:\/\/sigmund-freud-institut.de\/index.php\/wp-json\/wp\/v2\/comments?post=11366"}],"version-history":[{"count":2,"href":"https:\/\/sigmund-freud-institut.de\/index.php\/wp-json\/wp\/v2\/pages\/11366\/revisions"}],"predecessor-version":[{"id":15845,"href":"https:\/\/sigmund-freud-institut.de\/index.php\/wp-json\/wp\/v2\/pages\/11366\/revisions\/15845"}],"wp:attachment":[{"href":"https:\/\/sigmund-freud-institut.de\/index.php\/wp-json\/wp\/v2\/media?parent=11366"}],"curies":[{"name":"wp","href":"https:\/\/api.w.org\/{rel}","templated":true}]}}