{"id":11561,"date":"2023-09-29T14:50:40","date_gmt":"2023-09-29T12:50:40","guid":{"rendered":"https:\/\/www.sigmund-freud-institut.de\/?page_id=11561"},"modified":"2025-10-24T11:54:41","modified_gmt":"2025-10-24T09:54:41","slug":"franziska-elfers","status":"publish","type":"page","link":"https:\/\/sigmund-freud-institut.de\/index.php\/mitarbeiter-innen\/franziska-elfers\/","title":{"rendered":"M.A. Franziska Elfers"},"content":{"rendered":"\n<h1 class=\"wp-block-heading\">Wissenschaftliche Mitarbeiterin<\/h1>\n\n\n\n<p>Kontakt<\/p>\n\n\n\n<p>Sigmund-Freud-Institut<br>Myliusstra\u00dfe 20<br>60323 Frankfurt am Main<br>Raum 1.14<\/p>\n\n\n\n<p>Telefon 069 971204-141<br>Telefax 069 971204-4<br>E-Mail <a href=\"mailto:elfers@sigmund-freud-insitut.de\">elfers<br>(at)sigmund-freud-institut.de<\/a><\/p>\n\n\n<p>[bg_faq_start]<\/p>\n\n\n\n<h1 class=\"wp-block-heading\">Portrait<\/h1>\n\n\n\n<p>Seit 2023<br>Wissenschaftliche Mitarbeiterin am Sigmund-Freud-Institut Frankfurt\/M.<\/p>\n\n\n\n<p>2023<br>M.A. Soziologie an der Goethe-Universit\u00e4t Frankfurt\/M.<br>Thesis: \u00bbZur Abwertung von Sorge in der station\u00e4ren Krankenpflege. Verwehrte Anerkennung und subjektive Umgangsweisen von Pflegekr\u00e4ften\u00ab<\/p>\n\n\n\n<p>2022\u20132023<br>Studentische Hilfskraft in verschiedenen Forschungsprojekten am Sigmund-Freud-Institut und an der Professur f\u00fcr Soziologie und psychoanalytische Sozialpsychologie der Goethe-Universit\u00e4t Frankfurt\/M. (Prof. Dr. King)<\/p>\n\n\n\n<p>2020\u20132022<br>Werkstudentin an der Academy of Labour Frankfurt\/M.<\/p>\n\n\n\n<p>2020<br>Auslandssemester an der Universidad de Complutense de Madrid, Spanien (Soziologie)<\/p>\n\n\n\n<p>2019<br>Praktikum in der gewerkschaftlichen Bildungsarbeit der IG Metall Frankfurt\/M.<\/p>\n\n\n\n<p>2016\u20132019<br>Kriminaloberkommissarin im Bundeskriminalamt, Wiesbaden\/Berlin<\/p>\n\n\n\n<p>2016<br>B.A. Kriminalvollzugsdienst im Bundeskriminalamt (Sozial-, Verwaltungs- und Rechtswissenschaften) an der Hochschule des Bundes f\u00fcr \u00f6ffentliche Verwaltung, Br\u00fchl\/Wiesbaden<\/p>\n\n\n\n<h1 class=\"wp-block-heading\">Forschungsschwerpunkte<\/h1>\n\n\n\n<ul class=\"wp-block-list\">\n<li>Arbeits- und Organisationssoziologie<\/li>\n\n\n\n<li>Kritische und feministische Gesellschaftstheorie<\/li>\n\n\n\n<li>Psychoanalytische Sozialpsychologie<\/li>\n\n\n\n<li>Qualitative Methoden der empirischen Sozialforschung<\/li>\n<\/ul>\n\n\n\n<h1 class=\"wp-block-heading\">Forschungsprojekte<\/h1>\n\n\n\n<p><strong>Sozialpsychologische Fallstudie zum neuen Subjekt der Arbeit \u2013 Digitale Transformation im Lichte organisationaler Dynamiken<\/strong><\/p>\n\n\n\n<p>Leitung: Prof. Dr. Vera King<br>Wissenschaftliche MitarbeiterInnen: Franziska Elfers &amp; Mardeni Simoni<br>Gef\u00f6rdert durch: Sustainable Life Stiftung<br>Projektlaufzeit: 07\/2024 \u2013 09\/2025<\/p>\n\n\n\n<p>Ausgangspunkt der Studie sind digitale Transformationen im Arbeitssektor. Sie umfassen neben technischen infrastrukturellen Entwicklungen insbesondere die Arbeitsbeziehungen und F\u00fchrungsstrukturen, aber auch Kundeninteraktionen bis hin zum Arbeitsprodukt. Im Projekt wird aus sozialpsychologischer Perspektive exemplarisch untersucht, wie sich Digitalisierungsprozesse in neuen feldspezifischen organisationalen Dynamiken niederschlagen und welche Chancen und Risiken f\u00fcr Organisationen und Besch\u00e4ftigte daraus erwachsen k\u00f6nnen.<\/p>\n\n\n\n<h1 class=\"wp-block-heading\">Veranstaltungen und Vortr\u00e4ge<\/h1>\n\n\n\n<p>Workshop zum Thema \u201eOrganisationale Dynamiken und individuelles Erleben der Arbeit im Kontext digitalen Wandels\u201c (gemeinsam mit Mardeni Simoni) im Rahmen des 13. Kongresses f\u00fcr Psychodynamisches Coaching am 1. M\u00e4rz 2025 an der Universit\u00e4t Kassel.<\/p>\n\n\n\n<p>Organisation der sowie Moderation im Rahmen der interdisziplin\u00e4ren Tagung \u201e,Nach uns die Sintflut\u2018 \u2013 Krisenbew\u00e4ltigung zwischen Externalisierung und Generativit\u00e4t\u201c veranstaltet vom Institut f\u00fcr Sozialforschung (IfS) und Sigmund-Freud-Institut (SFI), in Kooperation mit der Oper Frankfurt sowie der Goethe-Universit\u00e4t vom 22. \u2013 23. Mai 2025 am Sigmund-Freud-Institut Frankfurt\/M.<\/p>\n\n\n\n<h1 class=\"wp-block-heading\">Publikationen<\/h1>\n\n\n\n<p>Elfers, F., &amp; Simoni, M.<strong> <\/strong>(2025): Organisationale Dynamiken und Subjektivit\u00e4t im Kontext des digitalen Wandels der Arbeit\u00a0\u2013 eine sozialpsychologische Fallstudie am Beispiel eines Dienstleistungsunternehmens.\u00a0<em>Organisationsberat Superv Coach<\/em>. <a href=\"https:\/\/doi.org\/10.1007\/s11613-025-00965-8\">https:\/\/doi.org\/10.1007\/s11613-025-00965-8<\/a><\/p>\n\n\n\n<p>Elfers, F. &amp; Simoni, M. (2025): Digital and Parametric Optimisation in the World of Work. An Overview of Research. In V. King, B. Gerisch &amp; H. Rosa (Eds.), The Measured Life in the Digital Age. Optimisation by Numbers. London\/New York: Routledge; 98\u2013111. <a href=\"https:\/\/doi.org\/10.4324\/9781003422495-10\">https:\/\/doi.org\/10.4324\/9781003422495-10<\/a><\/p>\n\n\n\n<p>King, V., Gerisch, B. &amp; Rosa, H. (Eds., with editorial assistance from Stenger, M., Elfers, F. &amp; Franz, R.) (2025): The Measured Life in the Digital Age. Optimisation by Numbers. London\/New York: Routledge. <a href=\"https:\/\/doi.org\/10.4324\/9781003422495\">https:\/\/doi.org\/10.4324\/9781003422495<\/a><\/p>\n\n\n\n<p>Elfers, F. &amp; Alsmeier, S. (2021): So gelingt die Staffelholz\u00fcbergabe im Betriebsrat: Nachfolgeplanung, Wissenstransfer und Personalentwicklung in der betrieblichen Interessenvertretung. In: Gr\u00f6bel, R., Dransfeld-Haase, I. (Hg.): Strategische Personalarbeit in der Transformation. Partizipation und Mitbestimmung f\u00fcr ein erfolgreiches HRM. Frankfurt\/M.: Bund-Verlag.<\/p>\n\n\n\n<p>V\u00f6lker, C., Kramm, J., Sattlegger, L., Zimmermann. L., Bentheimer, P., Elfers, F., Florides, P., Feilberg, N., Feucht, V., Holzer, T., H\u00f6fner, K., Lenk, K., Malcherowitz, K., Munder, W. &amp; Rahner, J. (2020): Sozial-\u00f6kologische Exkursion &#8222;Plastik in der Umwelt&#8220;. Bericht zur Exkursion im Seminar &#8222;Sozial- und naturwissenschaftliche Zug\u00e4nge zu sozial-\u00f6kologischen Problemen. Interdisziplin\u00e4re Ans\u00e4tze in der Sozialen \u00d6kologie&#8220; vom 3.-9. Juni 2019 in Norddeutschland (Bremen, Butjadingen, Bremerhaven). ISOE-Materialien Soziale \u00d6kologie, 57. Frankfurt am Main: ISOE <em>\u2013<\/em> Institut f\u00fcr sozial-\u00f6kologische Forschung.<\/p>\n\n\n<p>[bg_faq_end]<\/p>\n","protected":false},"excerpt":{"rendered":"<p>Wissenschaftliche Mitarbeiterin Kontakt Sigmund-Freud-InstitutMyliusstra\u00dfe 2060323 Frankfurt am MainRaum 1.14 Telefon 069 971204-141Telefax 069 971204-4E-Mail elfers(at)sigmund-freud-institut.de Portrait Seit 2023Wissenschaftliche Mitarbeiterin am Sigmund-Freud-Institut Frankfurt\/M. 2023M.A. Soziologie an der Goethe-Universit\u00e4t Frankfurt\/M.Thesis: \u00bbZur Abwertung von Sorge in der station\u00e4ren Krankenpflege. Verwehrte Anerkennung und subjektive Umgangsweisen von Pflegekr\u00e4ften\u00ab 2022\u20132023Studentische Hilfskraft in verschiedenen Forschungsprojekten am Sigmund-Freud-Institut und an der Professur f\u00fcr &hellip; <\/p>\n<p class=\"link-more\"><a href=\"https:\/\/sigmund-freud-institut.de\/index.php\/mitarbeiter-innen\/franziska-elfers\/\" class=\"more-link\"><span class=\"screen-reader-text\">\u201eM.A. Franziska Elfers\u201c<\/span> weiterlesen<\/a><\/p>\n","protected":false},"author":4,"featured_media":0,"parent":31,"menu_order":0,"comment_status":"closed","ping_status":"closed","template":"","meta":{"footnotes":""},"class_list":["post-11561","page","type-page","status-publish","hentry"],"_links":{"self":[{"href":"https:\/\/sigmund-freud-institut.de\/index.php\/wp-json\/wp\/v2\/pages\/11561","targetHints":{"allow":["GET"]}}],"collection":[{"href":"https:\/\/sigmund-freud-institut.de\/index.php\/wp-json\/wp\/v2\/pages"}],"about":[{"href":"https:\/\/sigmund-freud-institut.de\/index.php\/wp-json\/wp\/v2\/types\/page"}],"author":[{"embeddable":true,"href":"https:\/\/sigmund-freud-institut.de\/index.php\/wp-json\/wp\/v2\/users\/4"}],"replies":[{"embeddable":true,"href":"https:\/\/sigmund-freud-institut.de\/index.php\/wp-json\/wp\/v2\/comments?post=11561"}],"version-history":[{"count":5,"href":"https:\/\/sigmund-freud-institut.de\/index.php\/wp-json\/wp\/v2\/pages\/11561\/revisions"}],"predecessor-version":[{"id":15359,"href":"https:\/\/sigmund-freud-institut.de\/index.php\/wp-json\/wp\/v2\/pages\/11561\/revisions\/15359"}],"up":[{"embeddable":true,"href":"https:\/\/sigmund-freud-institut.de\/index.php\/wp-json\/wp\/v2\/pages\/31"}],"wp:attachment":[{"href":"https:\/\/sigmund-freud-institut.de\/index.php\/wp-json\/wp\/v2\/media?parent=11561"}],"curies":[{"name":"wp","href":"https:\/\/api.w.org\/{rel}","templated":true}]}}

<h1 class="wp-block-heading">Wissenschaftliche Mitarbeiterin</h1>



<p>Kontakt</p>



<p>Sigmund-Freud-Institut<br>Myliusstraße 20<br>60323 Frankfurt am Main<br>Raum 1.14</p>



<p>Telefon 069 971204-141<br>Telefax 069 971204-4<br>E-Mail <a href="mailto:elfers@sigmund-freud-insitut.de">elfers<br>(at)sigmund-freud-institut.de</a></p>


<p>[bg_faq_start]</p>



<h1 class="wp-block-heading">Portrait</h1>



<p>Seit 2023<br>Wissenschaftliche Mitarbeiterin am Sigmund-Freud-Institut Frankfurt/M.</p>



<p>2023<br>M.A. Soziologie an der Goethe-Universität Frankfurt/M.<br>Thesis: »Zur Abwertung von Sorge in der stationären Krankenpflege. Verwehrte Anerkennung und subjektive Umgangsweisen von Pflegekräften«</p>



<p>2022–2023<br>Studentische Hilfskraft in verschiedenen Forschungsprojekten am Sigmund-Freud-Institut und an der Professur für Soziologie und psychoanalytische Sozialpsychologie der Goethe-Universität Frankfurt/M. (Prof. Dr. King)</p>



<p>2020–2022<br>Werkstudentin an der Academy of Labour Frankfurt/M.</p>



<p>2020<br>Auslandssemester an der Universidad de Complutense de Madrid, Spanien (Soziologie)</p>



<p>2019<br>Praktikum in der gewerkschaftlichen Bildungsarbeit der IG Metall Frankfurt/M.</p>



<p>2016–2019<br>Kriminaloberkommissarin im Bundeskriminalamt, Wiesbaden/Berlin</p>



<p>2016<br>B.A. Kriminalvollzugsdienst im Bundeskriminalamt (Sozial-, Verwaltungs- und Rechtswissenschaften) an der Hochschule des Bundes für öffentliche Verwaltung, Brühl/Wiesbaden</p>



<h1 class="wp-block-heading">Forschungsschwerpunkte</h1>



<ul class="wp-block-list">
<li>Arbeits- und Organisationssoziologie</li>



<li>Kritische und feministische Gesellschaftstheorie</li>



<li>Psychoanalytische Sozialpsychologie</li>



<li>Qualitative Methoden der empirischen Sozialforschung</li>
</ul>



<h1 class="wp-block-heading">Forschungsprojekte</h1>



<p><strong>Sozialpsychologische Fallstudie zum neuen Subjekt der Arbeit – Digitale Transformation im Lichte organisationaler Dynamiken</strong></p>



<p>Leitung: Prof. Dr. Vera King<br>Wissenschaftliche MitarbeiterInnen: Franziska Elfers &amp; Mardeni Simoni<br>Gefördert durch: Sustainable Life Stiftung<br>Projektlaufzeit: 07/2024 – 09/2025</p>



<p>Ausgangspunkt der Studie sind digitale Transformationen im Arbeitssektor. Sie umfassen neben technischen infrastrukturellen Entwicklungen insbesondere die Arbeitsbeziehungen und Führungsstrukturen, aber auch Kundeninteraktionen bis hin zum Arbeitsprodukt. Im Projekt wird aus sozialpsychologischer Perspektive exemplarisch untersucht, wie sich Digitalisierungsprozesse in neuen feldspezifischen organisationalen Dynamiken niederschlagen und welche Chancen und Risiken für Organisationen und Beschäftigte daraus erwachsen können.</p>



<h1 class="wp-block-heading">Veranstaltungen und Vorträge</h1>



<p>Workshop zum Thema „Organisationale Dynamiken und individuelles Erleben der Arbeit im Kontext digitalen Wandels“ (gemeinsam mit Mardeni Simoni) im Rahmen des 13. Kongresses für Psychodynamisches Coaching am 1. März 2025 an der Universität Kassel.</p>



<p>Organisation der sowie Moderation im Rahmen der interdisziplinären Tagung „,Nach uns die Sintflut‘ – Krisenbewältigung zwischen Externalisierung und Generativität“ veranstaltet vom Institut für Sozialforschung (IfS) und Sigmund-Freud-Institut (SFI), in Kooperation mit der Oper Frankfurt sowie der Goethe-Universität vom 22. – 23. Mai 2025 am Sigmund-Freud-Institut Frankfurt/M.</p>



<h1 class="wp-block-heading">Publikationen</h1>



<p>Elfers, F., &amp; Simoni, M.<strong> </strong>(2025): Organisationale Dynamiken und Subjektivität im Kontext des digitalen Wandels der Arbeit – eine sozialpsychologische Fallstudie am Beispiel eines Dienstleistungsunternehmens. <em>Organisationsberat Superv Coach</em>. <a href="https://doi.org/10.1007/s11613-025-00965-8">https://doi.org/10.1007/s11613-025-00965-8</a></p>



<p>Elfers, F. &amp; Simoni, M. (2025): Digital and Parametric Optimisation in the World of Work. An Overview of Research. In V. King, B. Gerisch &amp; H. Rosa (Eds.), The Measured Life in the Digital Age. Optimisation by Numbers. London/New York: Routledge; 98–111. <a href="https://doi.org/10.4324/9781003422495-10">https://doi.org/10.4324/9781003422495-10</a></p>



<p>King, V., Gerisch, B. &amp; Rosa, H. (Eds., with editorial assistance from Stenger, M., Elfers, F. &amp; Franz, R.) (2025): The Measured Life in the Digital Age. Optimisation by Numbers. London/New York: Routledge. <a href="https://doi.org/10.4324/9781003422495">https://doi.org/10.4324/9781003422495</a></p>



<p>Elfers, F. &amp; Alsmeier, S. (2021): So gelingt die Staffelholzübergabe im Betriebsrat: Nachfolgeplanung, Wissenstransfer und Personalentwicklung in der betrieblichen Interessenvertretung. In: Gröbel, R., Dransfeld-Haase, I. (Hg.): Strategische Personalarbeit in der Transformation. Partizipation und Mitbestimmung für ein erfolgreiches HRM. Frankfurt/M.: Bund-Verlag.</p>



<p>Völker, C., Kramm, J., Sattlegger, L., Zimmermann. L., Bentheimer, P., Elfers, F., Florides, P., Feilberg, N., Feucht, V., Holzer, T., Höfner, K., Lenk, K., Malcherowitz, K., Munder, W. &amp; Rahner, J. (2020): Sozial-ökologische Exkursion &#8222;Plastik in der Umwelt&#8220;. Bericht zur Exkursion im Seminar &#8222;Sozial- und naturwissenschaftliche Zugänge zu sozial-ökologischen Problemen. Interdisziplinäre Ansätze in der Sozialen Ökologie&#8220; vom 3.-9. Juni 2019 in Norddeutschland (Bremen, Butjadingen, Bremerhaven). ISOE-Materialien Soziale Ökologie, 57. Frankfurt am Main: ISOE <em>–</em> Institut für sozial-ökologische Forschung.</p>


<p>[bg_faq_end]</p>

<p>Wissenschaftliche Mitarbeiterin Kontakt Sigmund-Freud-InstitutMyliusstraße 2060323 Frankfurt am MainRaum 1.14 Telefon 069 971204-141Telefax 069 971204-4E-Mail elfers(at)sigmund-freud-institut.de Portrait Seit 2023Wissenschaftliche Mitarbeiterin am Sigmund-Freud-Institut Frankfurt/M. 2023M.A. Soziologie an der Goethe-Universität Frankfurt/M.Thesis: »Zur Abwertung von Sorge in der stationären Krankenpflege. Verwehrte Anerkennung und subjektive Umgangsweisen von Pflegekräften« 2022–2023Studentische Hilfskraft in verschiedenen Forschungsprojekten am Sigmund-Freud-Institut und an der Professur für &hellip; </p>
<p class="link-more"><a href="https://sigmund-freud-institut.de/index.php/mitarbeiter-innen/franziska-elfers/" class="more-link"><span class="screen-reader-text">„M.A. Franziska Elfers“</span> weiterlesen</a></p>
