{"id":11695,"date":"2023-11-01T14:10:02","date_gmt":"2023-11-01T13:10:02","guid":{"rendered":"https:\/\/www.sigmund-freud-institut.de\/?page_id=11695"},"modified":"2026-01-26T14:22:09","modified_gmt":"2026-01-26T13:22:09","slug":"msc-psych-clara-frommke","status":"publish","type":"page","link":"https:\/\/sigmund-freud-institut.de\/index.php\/mitarbeiter-innen\/msc-psych-clara-frommke\/","title":{"rendered":"MSc. Psych. Clara Frommke"},"content":{"rendered":"\n<h2 class=\"wp-block-heading\">Wissenschaftliche Mitarbeiterin der Ambulanz<\/h2>\n\n\n\n<h4 class=\"wp-block-heading\">Kontakt<\/h4>\n\n\n\n<p>Sigmund-Freud-Institut<br>Myliusstra\u00dfe 20<br>60323 Frankfurt am Main<\/p>\n\n\n\n<p>Telefon 069 971204-125 (Sekretariat der Ambulanz)<br>Telefax 069 971204-4<br>E-Mail <a href=\"mailto:frommke@sigmund-freud-institut.de\" target=\"_blank\" rel=\"noreferrer noopener\">frommke@sigmund-freud-institut.de<\/a><\/p>\n\n\n\n<h1 class=\"wp-block-heading\">Portrait<\/h1>\n\n\n\n<p>Seit 11\/2023<br>Wissenschaftliche Mitarbeiterin im medizinisch-psychoanalytischen Bereich des Sigmund-Freud-Instituts Frankfurt am Main, psychoanalytische Ambulanz<\/p>\n\n\n\n<p>Seit 10\/2021<br>Ausbildung zur Psychoanalytikerin am Frankfurter Psychoanalytischen Institut (DPV)<\/p>\n\n\n\n<p>11\/2021-04\/2025<br>Freie Mitarbeiterin bei MentalStark, psychologische Online-Beratung bei Kinderwunsch<\/p>\n\n\n\n<p>03\/2023\u201302\/2024<br>Psychotherapeutin in Ausbildung am Universit\u00e4tsklinikum Frankfurt am Main<br>Klinik f\u00fcr Psychiatrie, Psychosomatik und Psychotherapie<\/p>\n\n\n\n<p>04\/2022\u201302\/2023<br>Psychotherapeutin in Ausbildung am Institut f\u00fcr Traumabearbeitung und Weiterbildung Frankfurt am Main<\/p>\n\n\n\n<p>09\/2017\u201302\/2023<br>Psychologische Mitarbeiterin des Projekt WIR, Lebenshilfe Frankfurt am Main e.V.<\/p>\n\n\n\n<p>05\/2021\u201309\/2021<br>Studentische Hilfskraft des Fachbereichs Differentielle Psychologie\/Forensische Diagnostik<\/p>\n\n\n\n<p>2019\u20132020<br>Master of Science Psychologie, Schwerpunkte Klinische Psychologie &amp; Neurowissenschaften<br>Thesis in der Sozialpsychologie: \u201eWege zur politischen Aktion: Feministische soziale Identit\u00e4t und Unterst\u00fctzung innerhalb aktivistischer Gruppen\u201c<\/p>\n\n\n\n<p>07\/2018\u201311\/2019<br>Studentische Hilfskraft am Max-Planck-Institut f\u00fcr empirische \u00c4sthetik, Abteilung Literatur &amp; Sprache<\/p>\n\n\n\n<p>2016\u20132020<br>Bachelor of Science Psychologie<br>Thesis am Max-Planck-Institut f\u00fcr empirische \u00c4sthetik: \u201eZur Bestimmung \u00e4sthetischer Emotionen: Wie l\u00e4sst sich das \u00e4sthetische Urteil vorhersagen?\u201c<\/p>\n\n\n\n<h1 class=\"wp-block-heading\">Vortr\u00e4ge<\/h1>\n\n\n\n<p>14. November 2025: Workshop \u201eAnkommen. Verstehen. Begleiten\u201c mit Regina S\u00fc\u00dfmeier, Zehn Jahre seit dem \u201eSommer der Flucht\u201c \u2013 R\u00fcckblicke, Ausblicke, Blickwinkel, 6. Fachtagung f\u00fcr Haupt- und Ehrenamtliche in der Arbeit mit gefl\u00fcchteten Menschen, Sigmund-Freud-Institut, Frankfurt a.M.<\/p>\n\n\n\n<p>01. November 2025: Impulsvortrag \u201ePsychotherapie in der Akutpsychiatrie \u2013 Ich habe Ihnen etwas mitgebracht \u2013 Aus der station\u00e4ren Behandlung einer Patientin\u201c, Fortbildung zur Psychosen-Psychotherapie, Horst-Eberhard-Richter-Institut f\u00fcr Psychoanalyse und Psychotherapie Gie\u00dfen e.V.<\/p>\n\n\n\n<p>24. Oktober 2025: Koreferat zur 26. Wolfgang Loch Vorlesung \u201eTheoretische Konstruktionen mit ungesichertem Inhalt: Weiblichkeit, M\u00fctterlichkeit und Geschlechterdifferenz in Identit\u00e4tspolitik und Psychoanalyse\u201c von Dipl.-Psych. Sabine Cassel-B\u00e4hr, Wolfgang Loch Stiftung, T\u00fcbingen<\/p>\n\n\n\n<p>09. Dezember 2023: Fallvorstellung \u201eIch habe Ihnen etwas mitgebracht \u2013 Aus der station\u00e4ren Behandlung einer Patientin\u201c, 25. Arbeitstagung des Frankfurter Psychose-Projektes e.V., Frankfurt a.M.<\/p>\n\n\n\n<p>02. Juni 2023: Vortrag \u201ePsychoanalytiker*in werden \u2013 Abarbeiten am Habitus \/\/ AG Queerness im Behandlungsraum\u201c mit Patrice-Joel Hedderich, Konferenz verdr\u00e4ngter Kritik: Beitr\u00e4ge zum Subjekt in Theorie und Praxis, AK Kritische Psychologie der Goethe-Universit\u00e4t, Frankfurt a.M.<\/p>\n","protected":false},"excerpt":{"rendered":"<p>Wissenschaftliche Mitarbeiterin der Ambulanz Kontakt Sigmund-Freud-InstitutMyliusstra\u00dfe 2060323 Frankfurt am Main Telefon 069 971204-125 (Sekretariat der Ambulanz)Telefax 069 971204-4E-Mail frommke@sigmund-freud-institut.de Portrait Seit 11\/2023Wissenschaftliche Mitarbeiterin im medizinisch-psychoanalytischen Bereich des Sigmund-Freud-Instituts Frankfurt am Main, psychoanalytische Ambulanz Seit 10\/2021Ausbildung zur Psychoanalytikerin am Frankfurter Psychoanalytischen Institut (DPV) 11\/2021-04\/2025Freie Mitarbeiterin bei MentalStark, psychologische Online-Beratung bei Kinderwunsch 03\/2023\u201302\/2024Psychotherapeutin in Ausbildung am Universit\u00e4tsklinikum &hellip; <\/p>\n<p class=\"link-more\"><a href=\"https:\/\/sigmund-freud-institut.de\/index.php\/mitarbeiter-innen\/msc-psych-clara-frommke\/\" class=\"more-link\"><span class=\"screen-reader-text\">\u201eMSc. Psych. Clara Frommke\u201c<\/span> weiterlesen<\/a><\/p>\n","protected":false},"author":4,"featured_media":0,"parent":31,"menu_order":0,"comment_status":"closed","ping_status":"closed","template":"","meta":{"footnotes":""},"class_list":["post-11695","page","type-page","status-publish","hentry"],"_links":{"self":[{"href":"https:\/\/sigmund-freud-institut.de\/index.php\/wp-json\/wp\/v2\/pages\/11695","targetHints":{"allow":["GET"]}}],"collection":[{"href":"https:\/\/sigmund-freud-institut.de\/index.php\/wp-json\/wp\/v2\/pages"}],"about":[{"href":"https:\/\/sigmund-freud-institut.de\/index.php\/wp-json\/wp\/v2\/types\/page"}],"author":[{"embeddable":true,"href":"https:\/\/sigmund-freud-institut.de\/index.php\/wp-json\/wp\/v2\/users\/4"}],"replies":[{"embeddable":true,"href":"https:\/\/sigmund-freud-institut.de\/index.php\/wp-json\/wp\/v2\/comments?post=11695"}],"version-history":[{"count":9,"href":"https:\/\/sigmund-freud-institut.de\/index.php\/wp-json\/wp\/v2\/pages\/11695\/revisions"}],"predecessor-version":[{"id":15772,"href":"https:\/\/sigmund-freud-institut.de\/index.php\/wp-json\/wp\/v2\/pages\/11695\/revisions\/15772"}],"up":[{"embeddable":true,"href":"https:\/\/sigmund-freud-institut.de\/index.php\/wp-json\/wp\/v2\/pages\/31"}],"wp:attachment":[{"href":"https:\/\/sigmund-freud-institut.de\/index.php\/wp-json\/wp\/v2\/media?parent=11695"}],"curies":[{"name":"wp","href":"https:\/\/api.w.org\/{rel}","templated":true}]}}