{"id":1564,"date":"2018-08-28T11:33:12","date_gmt":"2018-08-28T09:33:12","guid":{"rendered":"http:\/\/www.sigmund-freud-institut.de\/?page_id=1564"},"modified":"2022-01-31T11:57:40","modified_gmt":"2022-01-31T09:57:40","slug":"die-dritte-generation-szenisches-erinnern-der-shoah","status":"publish","type":"page","link":"https:\/\/sigmund-freud-institut.de\/index.php\/forschung\/forschungsschwerpunkte\/die-dritte-generation-szenisches-erinnern-der-shoah\/","title":{"rendered":"Die Dritte Generation &#8211; Szenisches Erinnern der Shoah"},"content":{"rendered":"<p><strong>Die Dritte Generation \u2013 Szenisches Erinnern der Shoah<\/strong><\/p>\n<p><strong>Eine Untersuchung zur transgenerationalen Tradierung extremen Traumas an Nachkommen von \u00dcberlebenden in Deutschland<br \/>\n<\/strong><\/p>\n<p><strong>&nbsp;<\/strong><\/p>\n<p><strong>Projektstatus<br \/>\n<\/strong>abgeschlossene Pilotstudie<\/p>\n<p><strong>Projektleitung<br \/>\n<\/strong>Dr. Kurt Gr\u00fcnberg (SFI Frankfurt a. M., DPV\/IPA)<\/p>\n<p><strong>Leitung der gruppenanalytischen Expertenvalidierung<br \/>\n<\/strong>Prof. Dr. Sarah Yvonne Brandl (KatHO NRW, D3G)<\/p>\n<p><strong>Leitung der Gruppe \u201eDritte Generation\u201c<br \/>\n<\/strong>Elli Kaminer-Zamberk (SGAZ)<br \/>\nDr. Kurt Gr\u00fcnberg<\/p>\n<p><strong>Wissenschaftliche MitarbeiterInnen<br \/>\n<\/strong>Dipl.-Psych. Simon E. Arnold<br \/>\nDipl.-Psych. Lena Dierker<br \/>\nM. Sc. Psych. Tom David Uhlig<\/p>\n<p><strong>Supervision<br \/>\n<\/strong>Dr. med. Friedrich Markert<\/p>\n<p><strong>Wissenschaftliche Beratung<br \/>\n<\/strong>Prof. Dr. Patrick Meurs (SFI Frankfurt a. M., Universit\u00e4t Kassel)<\/p>\n<p><strong>Kooperationspartner<br \/>\n<\/strong>Bildungsst\u00e4tte Anne Frank<\/p>\n<p><strong>PraktikantInnen<br \/>\n<\/strong>Lena Sarah Carlebach, Ayline Heller, Matthias Riedinger, Rahel Kloos, Sofie-Marie Truskolaski, Charlotte Beine, Jakob Eisemann, Matilda Urban<\/p>\n<p><strong>F\u00f6rderung<\/strong><br \/>\nDie Pilotstudie wurde von der <em>Internationalen Psychoanalytischen Vereinigung<\/em> (IPA) gef\u00f6rdert.<\/p>\n<p>Zahlreiche Untersuchungen belegen die transgenerationale Tradierung der Extremtraumatisierung von \u00dcberlebenden der Shoah an deren T\u00f6chter und S\u00f6hne, die Zweite Generation. Bezogen auf die Dritte Generation, die Enkelinnen und Enkel, gibt es bislang nur wenig eindeutige Erkenntnisse. In einem elaborierten multi-methodischen Ansatz sollen nun gruppenanalytische und psychoanalytische Methodiken verbunden werden, um zu einem erweiterten Verst\u00e4ndnis der Erfahrungen der Dritten Generation, speziell in Deutschland, beizutragen.<\/p>\n<p>Gegenstand des geplanten Projekts sind die Identifizierungen, Loyalit\u00e4ten und Konflikte der Dritten Generation, wie sie im privat-familialen oder gesellschaftlich-kulturellen Kontext ihren vor allem szenischen Ausdruck finden. Es soll erforscht werden, welche Bedeutungen die Verfolgungserfahrungen der Gro\u00dfeltern f\u00fcr das Leben der Dritten Generation heute haben. Eine bedeutsame Rolle spielt dabei auch der aktuelle Antisemitismus. Daher legt die Studie ein besonderes Augenmerk auf die Antisemitismuserfahrungen der Dritten Generation, ihre Bef\u00fcrchtungen, Sorgen und \u00c4ngste sowie ihre Bew\u00e4ltigungs- und Verarbeitungsstrategien. Mit dem <em>Szenischen Erinnern der Shoah <\/em>steht die Untersuchung der unbewussten Prozesse der transgenerationalen Tradierung extremtraumatischer Erfahrungen, die \u00fcber das Nonverbale und Szenische vermittelt werden, im Zentrum des Forschungsprojekts.<\/p>\n<p>Erste Erfahrungen aus dieser Pilotstudie werden derzeit zur Publikation vorbereitet.<\/p>\n","protected":false},"excerpt":{"rendered":"<p>Die Dritte Generation \u2013 Szenisches Erinnern der Shoah Eine Untersuchung zur transgenerationalen Tradierung extremen Traumas an Nachkommen von \u00dcberlebenden in Deutschland &nbsp; Projektstatus abgeschlossene Pilotstudie Projektleitung Dr. Kurt Gr\u00fcnberg (SFI Frankfurt a. M., DPV\/IPA) Leitung der gruppenanalytischen Expertenvalidierung Prof. Dr. Sarah Yvonne Brandl (KatHO NRW, D3G) Leitung der Gruppe \u201eDritte Generation\u201c Elli Kaminer-Zamberk (SGAZ) Dr. &hellip; <\/p>\n<p class=\"link-more\"><a href=\"https:\/\/sigmund-freud-institut.de\/index.php\/forschung\/forschungsschwerpunkte\/die-dritte-generation-szenisches-erinnern-der-shoah\/\" class=\"more-link\"><span class=\"screen-reader-text\">\u201eDie Dritte Generation &#8211; Szenisches Erinnern der Shoah\u201c<\/span> weiterlesen<\/a><\/p>\n","protected":false},"author":2,"featured_media":0,"parent":89,"menu_order":34,"comment_status":"closed","ping_status":"closed","template":"","meta":{"footnotes":""},"class_list":["post-1564","page","type-page","status-publish","hentry"],"_links":{"self":[{"href":"https:\/\/sigmund-freud-institut.de\/index.php\/wp-json\/wp\/v2\/pages\/1564","targetHints":{"allow":["GET"]}}],"collection":[{"href":"https:\/\/sigmund-freud-institut.de\/index.php\/wp-json\/wp\/v2\/pages"}],"about":[{"href":"https:\/\/sigmund-freud-institut.de\/index.php\/wp-json\/wp\/v2\/types\/page"}],"author":[{"embeddable":true,"href":"https:\/\/sigmund-freud-institut.de\/index.php\/wp-json\/wp\/v2\/users\/2"}],"replies":[{"embeddable":true,"href":"https:\/\/sigmund-freud-institut.de\/index.php\/wp-json\/wp\/v2\/comments?post=1564"}],"version-history":[{"count":0,"href":"https:\/\/sigmund-freud-institut.de\/index.php\/wp-json\/wp\/v2\/pages\/1564\/revisions"}],"up":[{"embeddable":true,"href":"https:\/\/sigmund-freud-institut.de\/index.php\/wp-json\/wp\/v2\/pages\/89"}],"wp:attachment":[{"href":"https:\/\/sigmund-freud-institut.de\/index.php\/wp-json\/wp\/v2\/media?parent=1564"}],"curies":[{"name":"wp","href":"https:\/\/api.w.org\/{rel}","templated":true}]}}

<p><strong>Die Dritte Generation – Szenisches Erinnern der Shoah</strong></p>
<p><strong>Eine Untersuchung zur transgenerationalen Tradierung extremen Traumas an Nachkommen von Überlebenden in Deutschland<br />
</strong></p>
<p><strong>&nbsp;</strong></p>
<p><strong>Projektstatus<br />
</strong>abgeschlossene Pilotstudie</p>
<p><strong>Projektleitung<br />
</strong>Dr. Kurt Grünberg (SFI Frankfurt a. M., DPV/IPA)</p>
<p><strong>Leitung der gruppenanalytischen Expertenvalidierung<br />
</strong>Prof. Dr. Sarah Yvonne Brandl (KatHO NRW, D3G)</p>
<p><strong>Leitung der Gruppe „Dritte Generation“<br />
</strong>Elli Kaminer-Zamberk (SGAZ)<br />
Dr. Kurt Grünberg</p>
<p><strong>Wissenschaftliche MitarbeiterInnen<br />
</strong>Dipl.-Psych. Simon E. Arnold<br />
Dipl.-Psych. Lena Dierker<br />
M. Sc. Psych. Tom David Uhlig</p>
<p><strong>Supervision<br />
</strong>Dr. med. Friedrich Markert</p>
<p><strong>Wissenschaftliche Beratung<br />
</strong>Prof. Dr. Patrick Meurs (SFI Frankfurt a. M., Universität Kassel)</p>
<p><strong>Kooperationspartner<br />
</strong>Bildungsstätte Anne Frank</p>
<p><strong>PraktikantInnen<br />
</strong>Lena Sarah Carlebach, Ayline Heller, Matthias Riedinger, Rahel Kloos, Sofie-Marie Truskolaski, Charlotte Beine, Jakob Eisemann, Matilda Urban</p>
<p><strong>Förderung</strong><br />
Die Pilotstudie wurde von der <em>Internationalen Psychoanalytischen Vereinigung</em> (IPA) gefördert.</p>
<p>Zahlreiche Untersuchungen belegen die transgenerationale Tradierung der Extremtraumatisierung von Überlebenden der Shoah an deren Töchter und Söhne, die Zweite Generation. Bezogen auf die Dritte Generation, die Enkelinnen und Enkel, gibt es bislang nur wenig eindeutige Erkenntnisse. In einem elaborierten multi-methodischen Ansatz sollen nun gruppenanalytische und psychoanalytische Methodiken verbunden werden, um zu einem erweiterten Verständnis der Erfahrungen der Dritten Generation, speziell in Deutschland, beizutragen.</p>
<p>Gegenstand des geplanten Projekts sind die Identifizierungen, Loyalitäten und Konflikte der Dritten Generation, wie sie im privat-familialen oder gesellschaftlich-kulturellen Kontext ihren vor allem szenischen Ausdruck finden. Es soll erforscht werden, welche Bedeutungen die Verfolgungserfahrungen der Großeltern für das Leben der Dritten Generation heute haben. Eine bedeutsame Rolle spielt dabei auch der aktuelle Antisemitismus. Daher legt die Studie ein besonderes Augenmerk auf die Antisemitismuserfahrungen der Dritten Generation, ihre Befürchtungen, Sorgen und Ängste sowie ihre Bewältigungs- und Verarbeitungsstrategien. Mit dem <em>Szenischen Erinnern der Shoah </em>steht die Untersuchung der unbewussten Prozesse der transgenerationalen Tradierung extremtraumatischer Erfahrungen, die über das Nonverbale und Szenische vermittelt werden, im Zentrum des Forschungsprojekts.</p>
<p>Erste Erfahrungen aus dieser Pilotstudie werden derzeit zur Publikation vorbereitet.</p>

<p>Die Dritte Generation – Szenisches Erinnern der Shoah Eine Untersuchung zur transgenerationalen Tradierung extremen Traumas an Nachkommen von Überlebenden in Deutschland &nbsp; Projektstatus abgeschlossene Pilotstudie Projektleitung Dr. Kurt Grünberg (SFI Frankfurt a. M., DPV/IPA) Leitung der gruppenanalytischen Expertenvalidierung Prof. Dr. Sarah Yvonne Brandl (KatHO NRW, D3G) Leitung der Gruppe „Dritte Generation“ Elli Kaminer-Zamberk (SGAZ) Dr. &hellip; </p>
<p class="link-more"><a href="https://sigmund-freud-institut.de/index.php/forschung/forschungsschwerpunkte/die-dritte-generation-szenisches-erinnern-der-shoah/" class="more-link"><span class="screen-reader-text">„Die Dritte Generation &#8211; Szenisches Erinnern der Shoah“</span> weiterlesen</a></p>
