{"id":16084,"date":"2026-03-18T10:14:22","date_gmt":"2026-03-18T09:14:22","guid":{"rendered":"https:\/\/sigmund-freud-institut.de\/?page_id=16084"},"modified":"2026-03-18T10:14:22","modified_gmt":"2026-03-18T09:14:22","slug":"nachruf-auf-prof-dr-cord-benecke","status":"publish","type":"page","link":"https:\/\/sigmund-freud-institut.de\/index.php\/nachruf-auf-prof-dr-cord-benecke\/","title":{"rendered":"Nachruf auf Prof. Dr. Cord Benecke"},"content":{"rendered":"\n<p class=\"has-text-align-left\">Am 30. Dezember 2025 verstarb im Alter von 60 Jahren unser Kasseler Kollege Prof. Dr. Cord Benecke. Sein Tod erf\u00fcllt uns mit tiefer Trauer.<\/p>\n\n\n\n<p>Cord Beneckes unerm\u00fcdlicher Einsatz f\u00fcr die Psychoanalyse kann nicht hoch genug eingesch\u00e4tzt werden. Er hatte den Lehrstuhl Klinische Psychologie und Psychotherapie am Fachbereich Humanwissenschaften der Universit\u00e4t Kassel inne. Innerhalb des Instituts f\u00fcr Psychologie und in der Fachgruppe Klinische Psychologie war er ein hochgesch\u00e4tzter Wissenschaftler, der Prozesse und Wirkungen der Psychotherapie empirisch erforschte und \u00fcberpr\u00fcfte. Unter anderem setzte er eine quantitativ empirisch fundierte, operationalisierte psychodynamische Diagnostik ein, um Ver\u00e4nderungen in Selbst- und Fremdrepr\u00e4sentationen, Affektregulation und Mentalisierung in der psychoanalytischen Psychotherapie zu erfassen. Durch sein unerm\u00fcdliches Engagement in Zusammenarbeit mit seiner psychoanalytischen Kollegin Heidi M\u00f6ller am Institut f\u00fcr Psychologie kam zudem der Masterstudiengang Klinische Psychologie und Psychotherapie an der Universit\u00e4t Kassel zustande. Dieser Studiengang war f\u00fcr die Universit\u00e4t Kassel ein wichtiger Anziehungspunkt f\u00fcr Studierende. Sie sch\u00e4tzten Cord Benecke als Dozenten sehr. Als Leiter der Hochschulambulanz, die er selbst in Kassel aufgebaut hatte, widmete er sich neben der Behandlung von Erwachsenen auch der Behandlung von Kindern und Jugendlichen. Dadurch intensivierte sich in den letzten zehn Jahren die Zusammenarbeit mit der Fachgruppe Psychoanalyse am Institut f\u00fcr Erziehungswissenschaften. Cord Benecke unterst\u00fctzte auch stets die Idee, die postgraduale Ausbildung in psychoanalytischer Kinder- und Jugendpsychotherapie in Zusammenarbeit mit den Kasseler Ausbildungsinstituten an der Universit\u00e4t Kassel akademisch zu verankern.<\/p>\n\n\n\n<p>Cord Benecke war ein engagierter Kollege, dem es sehr am Herzen lag, die Psychoanalyse \u00fcber soziale Medien einem breiteren Publikum bekannt zu machen. Er strebte danach, die Pr\u00e4senz von Psychoanalytiker*innen an den Instituten f\u00fcr Psychologie, Erziehungswissenschaften und Sozialwesen in Kassel sichtbarer zu machen, und den Studierenden dieser Institute auch Zugang zu den Vorlesungen und Seminaren der jeweils anderen Institute zu verschaffen. Er k\u00e4mpfte in vielen Bereichen f\u00fcr die Psychoanalyse und engagierte sich sehr in der Deutschen Gemeinschaft f\u00fcr Psychoanalyse, Psychotherapie, Psychosomatik und Tiefenpsychologie (DGPT). Auch berufspolitisch k\u00e4mpfte er f\u00fcr die Aufrechterhaltung und Weiterentwicklung der universit\u00e4ren Psychoanalyse.<\/p>\n\n\n\n<p>Mit Cord Benecke verlieren die psychoanalytische Community und die universit\u00e4re Forschung eine starke Pers\u00f6nlichkeit, der es gelungen ist, die Psychoanalyse als empirisch fundiertes Fachgebiet in der klinischen Psychologie zu verankern. F\u00fcr seine Leistungen auf diesem Gebiet erhielt er auch von Vertretern anderer Therapierichtungen die geb\u00fchrende Anerkennung.<\/p>\n\n\n\n<p>Seine Stimme, seine Pr\u00e4senz und sein solidarisches Engagement werden uns nun fehlen \u2013 auch ganz konkret, da es nun nicht mehr m\u00f6glich ist, einfach zwischendurch zu telefonieren, um aktuelle Fragen zu besprechen. Sein Werk und die Erinnerung an ihn bleiben indes als fortdauernde Inspirationsquelle.<\/p>\n\n\n\n<p>Das Direktorium und die Mitglieder des Sigmund-Freud-Instituts Frankfurt trauern um einen au\u00dfergew\u00f6hnlichen Forscher, Hochschullehrer und so freundlichen Kollegen.<\/p>\n\n\n\n<p><em>Patrick Meurs, Fachbereich Humanwissenschaften der Universit\u00e4t Kassel &amp; Direktor des Sigmund-Freud-Instituts Frankfurt<\/em><\/p>\n\n\n\n<p class=\"has-text-align-left\"><em>Vera King, Fachbereich Gesellschaftswissenschaften der Goethe Universit\u00e4t Frankfurt und Gesch\u00e4ftsf\u00fchrende Direktorin des Sigmund-Freud-Instituts Frankfurt<\/em><\/p>\n","protected":false},"excerpt":{"rendered":"<p>Am 30. Dezember 2025 verstarb im Alter von 60 Jahren unser Kasseler Kollege Prof. Dr. Cord Benecke. Sein Tod erf\u00fcllt uns mit tiefer Trauer. Cord Beneckes unerm\u00fcdlicher Einsatz f\u00fcr die Psychoanalyse kann nicht hoch genug eingesch\u00e4tzt werden. Er hatte den Lehrstuhl Klinische Psychologie und Psychotherapie am Fachbereich Humanwissenschaften der Universit\u00e4t Kassel inne. Innerhalb des Instituts &hellip; <\/p>\n<p class=\"link-more\"><a href=\"https:\/\/sigmund-freud-institut.de\/index.php\/nachruf-auf-prof-dr-cord-benecke\/\" class=\"more-link\"><span class=\"screen-reader-text\">\u201eNachruf auf Prof. Dr. Cord Benecke\u201c<\/span> weiterlesen<\/a><\/p>\n","protected":false},"author":9,"featured_media":0,"parent":0,"menu_order":0,"comment_status":"closed","ping_status":"closed","template":"","meta":{"footnotes":""},"class_list":["post-16084","page","type-page","status-publish","hentry"],"_links":{"self":[{"href":"https:\/\/sigmund-freud-institut.de\/index.php\/wp-json\/wp\/v2\/pages\/16084","targetHints":{"allow":["GET"]}}],"collection":[{"href":"https:\/\/sigmund-freud-institut.de\/index.php\/wp-json\/wp\/v2\/pages"}],"about":[{"href":"https:\/\/sigmund-freud-institut.de\/index.php\/wp-json\/wp\/v2\/types\/page"}],"author":[{"embeddable":true,"href":"https:\/\/sigmund-freud-institut.de\/index.php\/wp-json\/wp\/v2\/users\/9"}],"replies":[{"embeddable":true,"href":"https:\/\/sigmund-freud-institut.de\/index.php\/wp-json\/wp\/v2\/comments?post=16084"}],"version-history":[{"count":1,"href":"https:\/\/sigmund-freud-institut.de\/index.php\/wp-json\/wp\/v2\/pages\/16084\/revisions"}],"predecessor-version":[{"id":16085,"href":"https:\/\/sigmund-freud-institut.de\/index.php\/wp-json\/wp\/v2\/pages\/16084\/revisions\/16085"}],"wp:attachment":[{"href":"https:\/\/sigmund-freud-institut.de\/index.php\/wp-json\/wp\/v2\/media?parent=16084"}],"curies":[{"name":"wp","href":"https:\/\/api.w.org\/{rel}","templated":true}]}}

<p class="has-text-align-left">Am 30. Dezember 2025 verstarb im Alter von 60 Jahren unser Kasseler Kollege Prof. Dr. Cord Benecke. Sein Tod erfüllt uns mit tiefer Trauer.</p>



<p>Cord Beneckes unermüdlicher Einsatz für die Psychoanalyse kann nicht hoch genug eingeschätzt werden. Er hatte den Lehrstuhl Klinische Psychologie und Psychotherapie am Fachbereich Humanwissenschaften der Universität Kassel inne. Innerhalb des Instituts für Psychologie und in der Fachgruppe Klinische Psychologie war er ein hochgeschätzter Wissenschaftler, der Prozesse und Wirkungen der Psychotherapie empirisch erforschte und überprüfte. Unter anderem setzte er eine quantitativ empirisch fundierte, operationalisierte psychodynamische Diagnostik ein, um Veränderungen in Selbst- und Fremdrepräsentationen, Affektregulation und Mentalisierung in der psychoanalytischen Psychotherapie zu erfassen. Durch sein unermüdliches Engagement in Zusammenarbeit mit seiner psychoanalytischen Kollegin Heidi Möller am Institut für Psychologie kam zudem der Masterstudiengang Klinische Psychologie und Psychotherapie an der Universität Kassel zustande. Dieser Studiengang war für die Universität Kassel ein wichtiger Anziehungspunkt für Studierende. Sie schätzten Cord Benecke als Dozenten sehr. Als Leiter der Hochschulambulanz, die er selbst in Kassel aufgebaut hatte, widmete er sich neben der Behandlung von Erwachsenen auch der Behandlung von Kindern und Jugendlichen. Dadurch intensivierte sich in den letzten zehn Jahren die Zusammenarbeit mit der Fachgruppe Psychoanalyse am Institut für Erziehungswissenschaften. Cord Benecke unterstützte auch stets die Idee, die postgraduale Ausbildung in psychoanalytischer Kinder- und Jugendpsychotherapie in Zusammenarbeit mit den Kasseler Ausbildungsinstituten an der Universität Kassel akademisch zu verankern.</p>



<p>Cord Benecke war ein engagierter Kollege, dem es sehr am Herzen lag, die Psychoanalyse über soziale Medien einem breiteren Publikum bekannt zu machen. Er strebte danach, die Präsenz von Psychoanalytiker*innen an den Instituten für Psychologie, Erziehungswissenschaften und Sozialwesen in Kassel sichtbarer zu machen, und den Studierenden dieser Institute auch Zugang zu den Vorlesungen und Seminaren der jeweils anderen Institute zu verschaffen. Er kämpfte in vielen Bereichen für die Psychoanalyse und engagierte sich sehr in der Deutschen Gemeinschaft für Psychoanalyse, Psychotherapie, Psychosomatik und Tiefenpsychologie (DGPT). Auch berufspolitisch kämpfte er für die Aufrechterhaltung und Weiterentwicklung der universitären Psychoanalyse.</p>



<p>Mit Cord Benecke verlieren die psychoanalytische Community und die universitäre Forschung eine starke Persönlichkeit, der es gelungen ist, die Psychoanalyse als empirisch fundiertes Fachgebiet in der klinischen Psychologie zu verankern. Für seine Leistungen auf diesem Gebiet erhielt er auch von Vertretern anderer Therapierichtungen die gebührende Anerkennung.</p>



<p>Seine Stimme, seine Präsenz und sein solidarisches Engagement werden uns nun fehlen – auch ganz konkret, da es nun nicht mehr möglich ist, einfach zwischendurch zu telefonieren, um aktuelle Fragen zu besprechen. Sein Werk und die Erinnerung an ihn bleiben indes als fortdauernde Inspirationsquelle.</p>



<p>Das Direktorium und die Mitglieder des Sigmund-Freud-Instituts Frankfurt trauern um einen außergewöhnlichen Forscher, Hochschullehrer und so freundlichen Kollegen.</p>



<p><em>Patrick Meurs, Fachbereich Humanwissenschaften der Universität Kassel &amp; Direktor des Sigmund-Freud-Instituts Frankfurt</em></p>



<p class="has-text-align-left"><em>Vera King, Fachbereich Gesellschaftswissenschaften der Goethe Universität Frankfurt und Geschäftsführende Direktorin des Sigmund-Freud-Instituts Frankfurt</em></p>

<p>Am 30. Dezember 2025 verstarb im Alter von 60 Jahren unser Kasseler Kollege Prof. Dr. Cord Benecke. Sein Tod erfüllt uns mit tiefer Trauer. Cord Beneckes unermüdlicher Einsatz für die Psychoanalyse kann nicht hoch genug eingeschätzt werden. Er hatte den Lehrstuhl Klinische Psychologie und Psychotherapie am Fachbereich Humanwissenschaften der Universität Kassel inne. Innerhalb des Instituts &hellip; </p>
<p class="link-more"><a href="https://sigmund-freud-institut.de/index.php/nachruf-auf-prof-dr-cord-benecke/" class="more-link"><span class="screen-reader-text">„Nachruf auf Prof. Dr. Cord Benecke“</span> weiterlesen</a></p>
