{"id":2947,"date":"2019-06-28T11:28:27","date_gmt":"2019-06-28T09:28:27","guid":{"rendered":"http:\/\/www.sigmund-freud-institut.de\/?page_id=2947"},"modified":"2024-07-19T13:08:19","modified_gmt":"2024-07-19T11:08:19","slug":"dr-phil-kurt-gruenberg","status":"publish","type":"page","link":"https:\/\/sigmund-freud-institut.de\/index.php\/mitarbeiter-innen\/dr-phil-kurt-gruenberg\/dr-phil-kurt-gruenberg\/","title":{"rendered":"Dr. phil. Kurt Gr\u00fcnberg"},"content":{"rendered":"<p>[bg_faq_start]<\/p>\n<h1>Portrait<\/h1>\n<p>Since 2007<br \/>\nLecturer at <em>Goethe-Universit\u00e4t Frankfurt am Main<\/em>, faculty of law and psychology<\/p>\n<p>Since 2002<br \/>\nPsychotherapy and consulting at <em>Treffpunkt f\u00fcr \u00dcberlebende der Shoah (Zentralwohlfahrtsstelle der Juden in Deutschland)<\/em><\/p>\n<p>2002 \u2013 2010<br \/>\nResearch director at <em>J\u00fcdisches Psychotherapeutisches Beratungszentrum Frankfurt am Main f\u00fcr Kinder, Jugendliche und Erwachsene<\/em><\/p>\n<p>2002<br \/>\nFounding member of <em>Treffpunkt f\u00fcr \u00dcberlebende der Shoah<\/em><\/p>\n<p>2000 \u2013 2016<br \/>\nPsychotherapeutic self-awareness groups for <em>Child Survivors Deutschland e.V.<\/em><\/p>\n<p>Since 1999<br \/>\nPsychoanalyst in private practice<\/p>\n<p>Since 1990<br \/>\nStaff research member at Sigmund-Freud-Institut<\/p>\n<h1>Research interests<\/h1>\n<ul>\n<li>Psychosocial long-term effects of the National Socialist extermination of Jews in Germany<\/li>\n<li>Scenic Memory of the Shoah<\/li>\n<\/ul>\n<h1>Research projects<\/h1>\n<ul>\n<li>The Third Generation \u2013 Scenic Memory of the Shoah. A multi-method study on the impact of the Holocaust on Survivors\u2019 offspring in Germany<\/li>\n<li>Scenic Memory of the Shoah. On the transgenerational transmission of extreme trauma in Germany<\/li>\n<li>To remember or to destroy. On the impact of NS-\u201eheritage\u201c and antisemitism in Germany<\/li>\n<\/ul>\n<h1>Transdisciplinary working groups<\/h1>\n<p><strong>\u00a0<\/strong>\u201eThe Third Generation\u201c. Participants: Kurt Gr\u00fcnberg, Elli Kaminer-Zamberk, Simon Arnold, Lena Dierker, Tom David Uhlig, Charlotte Beine, Jakob Eisemann, Sofie Truskolaski, Rahel Kloos<\/p>\n<p>Transregional research group at Sigmund-Freud-Institut on the psychosocial long-term effects of the Shoah<\/p>\n<h1>Media<\/h1>\n<div id=\"playerbox\">\n<p><strong>Antisemitismus 2.0 Teil 4: \u201eDie Angst ist immer da\u201c<br \/>\n<\/strong>Interview mit Kurt Gr\u00fcnberg. Medienprojektzentrum Offener Kanal Rhein-Main:<br \/>\n<a href=\"https:\/\/www.mediathek-hessen.de\/medienview_19380_B\u00e9atrice-Busch-Frevert-OK-Rhein-Main-Antisemitismus-2.0-Teil-4-\u201eDie-Angst-ist-immer-da\u201c.html\" target=\"_blank\" rel=\"noopener noreferrer\">https:\/\/www.mediathek-hessen.de\/medienview_19380_B\u00e9atrice-Busch-Frevert-OK-Rhein-Main-Antisemitismus-2.0-Teil-4-\u201eDie-Angst-ist-immer-da\u201c.html<\/a><\/p>\n<\/div>\n<p><strong>\u201eWarum das Schweigen der Opfer eine Art Schutz darstellt\u201c<br \/>\n<\/strong> Radio Beitrag vom 06. M\u00e4rz 2019 im HR2. Link:<\/p>\n<p><strong>Das wortlose Verm\u00e4chtnis<br \/>\n<\/strong>Kurt Gr\u00fcnberg im Interview<br \/>\nmit Eduard Kopp.<br \/>\nOnline: Chrismon\u00a0(04\/2016), S. 23-24.<\/p>\n<p><strong>Remembering the Holocaust through \u201aScenic Memory\u2018<br \/>\n<\/strong>Interview with Kurt Gr\u00fcnberg by Lia Petridis Maiello.<br \/>\nOnline: <a href=\"https:\/\/www.huffingtonpost.com\/lia-petridis\/holocaust-remembrance-day_b_855539.html\">Huffington Post<\/a> (05.02.2011)<\/p>\n<p><strong>\u201eDie Zweite Generation erz\u00e4hlt\u201c \u2013 Zur Geschichte der Nachkommen von Shoah-\u00dcberlebenden<br \/>\n<\/strong>Sechs Audio-Portraits mit Kommentar von Kurt Gr\u00fcnberg von Gabriele Diedrich (Hg.).<br \/>\nOnline: Paul Lazarus Stiftung (2018)<\/p>\n<p><strong>\u201eDas Programm h\u00e4lt uns fit\u201c<br \/>\n<\/strong>Artikel zum 15-j\u00e4hrigen Bestehen des <em>Treffpunkts f\u00fcr \u00dcberlebende der Shoah<br \/>\n<\/em>Online: <a href=\"https:\/\/www.juedische-allgemeine.de\/article\/view\/id\/29522\">J\u00fcdische Allgemeine<\/a> (07.09.2017)<\/p>\n<h1>Scientific conferences<\/h1>\n<p>2017: Paranoia, Populismus, Pogrom.<br \/>\nArchaische und nationalsozialistische Affekterbschaften heute<\/p>\n<p>2016: Hier und Jetzt. Momente der Begegnung im Szenischen Erinnern der Shoah<\/p>\n<p>2015: 8. Mai 1945 \u2013 8. Mai 2015. Gerettet, aber nicht befreit?<\/p>\n<p>2012: Antisemitismus\/Erfahrungen. Sp\u00e4tfolgen der Shoah und Antisemitismus heute<\/p>\n<p>2007: Szenische Erinnerung der Shoah. Blickrichtungen, Dissoziation, Reflexion<\/p>\n<h1><a href=\"http:\/\/www.sigmund-freud-institut.de\/wp-content\/uploads\/Literatur-Gr%C3%BCnberg_02.2019.pdf\">Publications<\/a><\/h1>\n<p>[bg_faq_end]<\/p>\n","protected":false},"excerpt":{"rendered":"<p>[bg_faq_start] Portrait Since 2007 Lecturer at Goethe-Universit\u00e4t Frankfurt am Main, faculty of law and psychology Since 2002 Psychotherapy and consulting at Treffpunkt f\u00fcr \u00dcberlebende der Shoah (Zentralwohlfahrtsstelle der Juden in Deutschland) 2002 \u2013 2010 Research director at J\u00fcdisches Psychotherapeutisches Beratungszentrum Frankfurt am Main f\u00fcr Kinder, Jugendliche und Erwachsene 2002 Founding member of Treffpunkt f\u00fcr \u00dcberlebende &hellip; <\/p>\n<p class=\"link-more\"><a href=\"https:\/\/sigmund-freud-institut.de\/index.php\/mitarbeiter-innen\/dr-phil-kurt-gruenberg\/dr-phil-kurt-gruenberg\/\" class=\"more-link\"><span class=\"screen-reader-text\">\u201eDr. phil. Kurt Gr\u00fcnberg\u201c<\/span> weiterlesen<\/a><\/p>\n","protected":false},"author":3,"featured_media":0,"parent":549,"menu_order":127,"comment_status":"closed","ping_status":"closed","template":"","meta":{"footnotes":""},"class_list":["post-2947","page","type-page","status-publish","hentry"],"_links":{"self":[{"href":"https:\/\/sigmund-freud-institut.de\/index.php\/wp-json\/wp\/v2\/pages\/2947","targetHints":{"allow":["GET"]}}],"collection":[{"href":"https:\/\/sigmund-freud-institut.de\/index.php\/wp-json\/wp\/v2\/pages"}],"about":[{"href":"https:\/\/sigmund-freud-institut.de\/index.php\/wp-json\/wp\/v2\/types\/page"}],"author":[{"embeddable":true,"href":"https:\/\/sigmund-freud-institut.de\/index.php\/wp-json\/wp\/v2\/users\/3"}],"replies":[{"embeddable":true,"href":"https:\/\/sigmund-freud-institut.de\/index.php\/wp-json\/wp\/v2\/comments?post=2947"}],"version-history":[{"count":2,"href":"https:\/\/sigmund-freud-institut.de\/index.php\/wp-json\/wp\/v2\/pages\/2947\/revisions"}],"predecessor-version":[{"id":13477,"href":"https:\/\/sigmund-freud-institut.de\/index.php\/wp-json\/wp\/v2\/pages\/2947\/revisions\/13477"}],"up":[{"embeddable":true,"href":"https:\/\/sigmund-freud-institut.de\/index.php\/wp-json\/wp\/v2\/pages\/549"}],"wp:attachment":[{"href":"https:\/\/sigmund-freud-institut.de\/index.php\/wp-json\/wp\/v2\/media?parent=2947"}],"curies":[{"name":"wp","href":"https:\/\/api.w.org\/{rel}","templated":true}]}}

Dr. phil. Kurt Grünberg

<p>[bg_faq_start]</p>
<h1>Portrait</h1>
<p>Since 2007<br />
Lecturer at <em>Goethe-Universität Frankfurt am Main</em>, faculty of law and psychology</p>
<p>Since 2002<br />
Psychotherapy and consulting at <em>Treffpunkt für Überlebende der Shoah (Zentralwohlfahrtsstelle der Juden in Deutschland)</em></p>
<p>2002 – 2010<br />
Research director at <em>Jüdisches Psychotherapeutisches Beratungszentrum Frankfurt am Main für Kinder, Jugendliche und Erwachsene</em></p>
<p>2002<br />
Founding member of <em>Treffpunkt für Überlebende der Shoah</em></p>
<p>2000 – 2016<br />
Psychotherapeutic self-awareness groups for <em>Child Survivors Deutschland e.V.</em></p>
<p>Since 1999<br />
Psychoanalyst in private practice</p>
<p>Since 1990<br />
Staff research member at Sigmund-Freud-Institut</p>
<h1>Research interests</h1>
<ul>
<li>Psychosocial long-term effects of the National Socialist extermination of Jews in Germany</li>
<li>Scenic Memory of the Shoah</li>
</ul>
<h1>Research projects</h1>
<ul>
<li>The Third Generation – Scenic Memory of the Shoah. A multi-method study on the impact of the Holocaust on Survivors’ offspring in Germany</li>
<li>Scenic Memory of the Shoah. On the transgenerational transmission of extreme trauma in Germany</li>
<li>To remember or to destroy. On the impact of NS-„heritage“ and antisemitism in Germany</li>
</ul>
<h1>Transdisciplinary working groups</h1>
<p><strong> </strong>„The Third Generation“. Participants: Kurt Grünberg, Elli Kaminer-Zamberk, Simon Arnold, Lena Dierker, Tom David Uhlig, Charlotte Beine, Jakob Eisemann, Sofie Truskolaski, Rahel Kloos</p>
<p>Transregional research group at Sigmund-Freud-Institut on the psychosocial long-term effects of the Shoah</p>
<h1>Media</h1>
<div id="playerbox">
<p><strong>Antisemitismus 2.0 Teil 4: „Die Angst ist immer da“<br />
</strong>Interview mit Kurt Grünberg. Medienprojektzentrum Offener Kanal Rhein-Main:<br />
<a href="https://www.mediathek-hessen.de/medienview_19380_Béatrice-Busch-Frevert-OK-Rhein-Main-Antisemitismus-2.0-Teil-4-„Die-Angst-ist-immer-da“.html" target="_blank" rel="noopener noreferrer">https://www.mediathek-hessen.de/medienview_19380_Béatrice-Busch-Frevert-OK-Rhein-Main-Antisemitismus-2.0-Teil-4-„Die-Angst-ist-immer-da“.html</a></p>
</div>
<p><strong>„Warum das Schweigen der Opfer eine Art Schutz darstellt“<br />
</strong> Radio Beitrag vom 06. März 2019 im HR2. Link:</p>
<p><strong>Das wortlose Vermächtnis<br />
</strong>Kurt Grünberg im Interview<br />
mit Eduard Kopp.<br />
Online: Chrismon (04/2016), S. 23-24.</p>
<p><strong>Remembering the Holocaust through ‚Scenic Memory‘<br />
</strong>Interview with Kurt Grünberg by Lia Petridis Maiello.<br />
Online: <a href="https://www.huffingtonpost.com/lia-petridis/holocaust-remembrance-day_b_855539.html">Huffington Post</a> (05.02.2011)</p>
<p><strong>„Die Zweite Generation erzählt“ – Zur Geschichte der Nachkommen von Shoah-Überlebenden<br />
</strong>Sechs Audio-Portraits mit Kommentar von Kurt Grünberg von Gabriele Diedrich (Hg.).<br />
Online: Paul Lazarus Stiftung (2018)</p>
<p><strong>„Das Programm hält uns fit“<br />
</strong>Artikel zum 15-jährigen Bestehen des <em>Treffpunkts für Überlebende der Shoah<br />
</em>Online: <a href="https://www.juedische-allgemeine.de/article/view/id/29522">Jüdische Allgemeine</a> (07.09.2017)</p>
<h1>Scientific conferences</h1>
<p>2017: Paranoia, Populismus, Pogrom.<br />
Archaische und nationalsozialistische Affekterbschaften heute</p>
<p>2016: Hier und Jetzt. Momente der Begegnung im Szenischen Erinnern der Shoah</p>
<p>2015: 8. Mai 1945 – 8. Mai 2015. Gerettet, aber nicht befreit?</p>
<p>2012: Antisemitismus/Erfahrungen. Spätfolgen der Shoah und Antisemitismus heute</p>
<p>2007: Szenische Erinnerung der Shoah. Blickrichtungen, Dissoziation, Reflexion</p>
<h1><a href="http://www.sigmund-freud-institut.de/wp-content/uploads/Literatur-Gr%C3%BCnberg_02.2019.pdf">Publications</a></h1>
<p>[bg_faq_end]</p>

<p>[bg_faq_start] Portrait Since 2007 Lecturer at Goethe-Universität Frankfurt am Main, faculty of law and psychology Since 2002 Psychotherapy and consulting at Treffpunkt für Überlebende der Shoah (Zentralwohlfahrtsstelle der Juden in Deutschland) 2002 – 2010 Research director at Jüdisches Psychotherapeutisches Beratungszentrum Frankfurt am Main für Kinder, Jugendliche und Erwachsene 2002 Founding member of Treffpunkt für Überlebende &hellip; </p>
<p class="link-more"><a href="https://sigmund-freud-institut.de/index.php/mitarbeiter-innen/dr-phil-kurt-gruenberg/dr-phil-kurt-gruenberg/" class="more-link"><span class="screen-reader-text">„Dr. phil. Kurt Grünberg“</span> weiterlesen</a></p>
