{"id":385,"date":"2018-06-04T09:25:23","date_gmt":"2018-06-04T09:25:23","guid":{"rendered":"http:\/\/test.sigmund-freud-institut.de\/Wordpress\/?page_id=385"},"modified":"2024-08-27T12:30:20","modified_gmt":"2024-08-27T10:30:20","slug":"beratung","status":"publish","type":"page","link":"https:\/\/sigmund-freud-institut.de\/index.php\/beratung\/","title":{"rendered":"Beratung"},"content":{"rendered":"<div id=\"gheader\">\n<p><img loading=\"lazy\" decoding=\"async\" class=\"alignnone wp-image-2439 size-full\" src=\"https:\/\/www.sigmund-freud-institut.de\/wp-content\/uploads\/union-jack-26119_1280-e1557401751941.png\" alt=\"\" width=\"45\" height=\"27\" \/>\u00a0\u00a0\u00a0<a href=\"http:\/\/www.sigmund-freud-institut.de\/index.php\/beratung\/consulting\/\" target=\"_blank\" rel=\"noopener noreferrer\"><strong>ENGLISH VERSION<\/strong><\/a><\/p>\n<h2>Die Qualit\u00e4t beruflichen Handelns verbessern<\/h2>\n<h1>Beratung: Supervision und Organisationsentwicklung<\/h1>\n<\/div>\n<p>Supervision und Organisationsentwicklung sind seit der Gr\u00fcndung des Sigmund-Freud-Instituts Bestandteil der klinischen und wissenschaftlichen Arbeit. Ihre Bedeutung als wichtige Instrumente der Qualit\u00e4tssicherung hat zunehmend Anerkennung gefunden. Wenn wir St\u00f6rungen in den Arbeitsabl\u00e4ufen von Gruppen bzw. Teams in Organisationen psychoanalytisch verstehen, hei\u00dft das, sie \u2013 den individuellen Symptomen vergleichbar \u2013 als Resultat unbewusster Konfliktlagen zu erkennen.<\/p>\n<p>Mit Hilfe der psychoanalytischen Methode lassen sich unbewusste Dimensionen im Zusammenspiel von individuellen, zwischenmenschlichen und institutionellen Entwicklungsprozessen analysieren. Damit werden Hindernisse, die der Gestaltung von wirkungsvollen Arbeitsabl\u00e4ufen und dem Erreichen von Arbeitszielen entgegenstehen, einer systematischen Reflexion zug\u00e4nglich und damit ver\u00e4nderbar.<\/p>\n<p>Auf diese Weise kann die Qualit\u00e4t beruflichen Handelns verbessert und gesichert werden. Institutionelle Rahmenbedingungen lassen sich im Verh\u00e4ltnis zu institutionellen und pers\u00f6nlichen Zielen und F\u00e4higkeiten optimieren. F\u00fchrungskr\u00e4fte erfahren durch eine gruppen- bzw. institutionsdynamische Analyse professionelle Unterst\u00fctzung. Wir bieten folgende Leistungen an:<\/p>\n<p><strong>Balintgruppen<\/strong><\/p>\n<ul>\n<li>z.B. f\u00fcr \u00c4rzte und Lehrer, aber auch f\u00fcr andere Berufsgruppen<\/li>\n<\/ul>\n<p><strong>Organisationsentwicklung<\/strong><\/p>\n<ul>\n<li>Supervision f\u00fcr Gruppen und Teams<\/li>\n<li>Psychodynamisch orientiertes Leitungscoaching<\/li>\n<li>Analyse und Entwicklung von Institutionen<\/li>\n<\/ul>\n","protected":false},"excerpt":{"rendered":"<p>\u00a0\u00a0\u00a0ENGLISH VERSION Die Qualit\u00e4t beruflichen Handelns verbessern Beratung: Supervision und Organisationsentwicklung Supervision und Organisationsentwicklung sind seit der Gr\u00fcndung des Sigmund-Freud-Instituts Bestandteil der klinischen und wissenschaftlichen Arbeit. Ihre Bedeutung als wichtige Instrumente der Qualit\u00e4tssicherung hat zunehmend Anerkennung gefunden. Wenn wir St\u00f6rungen in den Arbeitsabl\u00e4ufen von Gruppen bzw. Teams in Organisationen psychoanalytisch verstehen, hei\u00dft das, sie \u2013 &hellip; <\/p>\n<p class=\"link-more\"><a href=\"https:\/\/sigmund-freud-institut.de\/index.php\/beratung\/\" class=\"more-link\"><span class=\"screen-reader-text\">\u201eBeratung\u201c<\/span> weiterlesen<\/a><\/p>\n","protected":false},"author":1,"featured_media":0,"parent":0,"menu_order":6,"comment_status":"closed","ping_status":"closed","template":"","meta":{"footnotes":""},"class_list":["post-385","page","type-page","status-publish","hentry"],"_links":{"self":[{"href":"https:\/\/sigmund-freud-institut.de\/index.php\/wp-json\/wp\/v2\/pages\/385","targetHints":{"allow":["GET"]}}],"collection":[{"href":"https:\/\/sigmund-freud-institut.de\/index.php\/wp-json\/wp\/v2\/pages"}],"about":[{"href":"https:\/\/sigmund-freud-institut.de\/index.php\/wp-json\/wp\/v2\/types\/page"}],"author":[{"embeddable":true,"href":"https:\/\/sigmund-freud-institut.de\/index.php\/wp-json\/wp\/v2\/users\/1"}],"replies":[{"embeddable":true,"href":"https:\/\/sigmund-freud-institut.de\/index.php\/wp-json\/wp\/v2\/comments?post=385"}],"version-history":[{"count":2,"href":"https:\/\/sigmund-freud-institut.de\/index.php\/wp-json\/wp\/v2\/pages\/385\/revisions"}],"predecessor-version":[{"id":13749,"href":"https:\/\/sigmund-freud-institut.de\/index.php\/wp-json\/wp\/v2\/pages\/385\/revisions\/13749"}],"wp:attachment":[{"href":"https:\/\/sigmund-freud-institut.de\/index.php\/wp-json\/wp\/v2\/media?parent=385"}],"curies":[{"name":"wp","href":"https:\/\/api.w.org\/{rel}","templated":true}]}}