{"id":40,"date":"2018-01-11T10:09:42","date_gmt":"2018-01-11T10:09:42","guid":{"rendered":"http:\/\/test.sigmund-freud-institut.de\/Wordpress\/?page_id=40"},"modified":"2026-04-10T12:16:41","modified_gmt":"2026-04-10T10:16:41","slug":"ambulanz","status":"publish","type":"page","link":"https:\/\/sigmund-freud-institut.de\/index.php\/ambulanz\/","title":{"rendered":"Ambulanz"},"content":{"rendered":"\n<p><img loading=\"lazy\" decoding=\"async\" class=\"alignnone size-full wp-image-2439\" src=\"https:\/\/www.sigmund-freud-institut.de\/wp-content\/uploads\/union-jack-26119_1280-e1557401751941.png\" alt=\"\" width=\"45\" height=\"27\">&nbsp;&nbsp;&nbsp;<a href=\"http:\/\/www.sigmund-freud-institut.de\/index.php\/ambulanz\/ambulanz-english-version\/\" target=\"_blank\" rel=\"noopener noreferrer\"><strong>ENGLISH VERSION<\/strong><\/a><\/p>\n\n\n\n<p>Wenn Sie Hilfe bei psychischen und psychosomatischen Leiden oder bei Beziehungskonflikten suchen, k\u00f6nnen Sie gerne unsere psychoanalytische Sprechstunde nutzen.<\/p>\n\n\n\n<p>Eine Liste niedergelassener Psychoanalytiker\/-innen und Psychotherapeutinnen\/Psychotherapeuten mit tiefenpsychologisch fundierter Ausbildung in Frankfurt am Main und Umgebung, die Patienten aus der Ambulanz in Behandlung nehmen, finden Sie <strong><a href=\"https:\/\/sigmund-freud-institut.de\/wp-content\/uploads\/Liste-Analytiker_04.2026.pdf\" target=\"_blank\" rel=\"noreferrer noopener\">hier<\/a><\/strong>.<\/p>\n\n\n\n<h1 class=\"wp-block-heading\" id=\"gheader\">Fachliche Informationen<\/h1>\n\n\n\n<p>Die psychotherapeutische Versorgung der Bev\u00f6lkerung ist ein Schwerpunkt des Sigmund-Freud-Instituts. Seit 1960 ist unsere Ambulanz die erste Einrichtung in Frankfurt am Main, an die sich Patienten mit psychischen und psychosomatischen wenden k\u00f6nnen.<\/p>\n\n\n\n<p>In der psychoanalytischen Sprechstunde unserer Ambulanz werden j\u00e4hrlich rund 600 Patienten betreut. Sie erhalten von uns psychoanalytische Erstgespr\u00e4che und Beratungen, in denen wir ihre Probleme kl\u00e4ren, Diagnosen stellen und angemessene Behandlungsmethoden vorschlagen. Sofern an unserem Institut keine Behandlungsm\u00f6glichkeit besteht, unterst\u00fctzen wir die Patienten bei der Suche nach einem geeigneten Therapieplatz.<\/p>\n\n\n\n<p>In einer Ambulanzkonferenz werden ausgesuchte F\u00e4lle vorgestellt und Diagnose und Indikation diskutiert. Nach der Konferenz wird dem Patienten in weiteren Beratungsgespr\u00e4chen die f\u00fcr ihn geeignete Therapieform vorgeschlagen und ggf. ein Therapieplatz bei einem niedergelassenen Therapeuten vermittelt.<\/p>\n\n\n\n<p>An der Ambulanzsprechstunde sind die klinisch t\u00e4tigen Mitarbeiter des Instituts, freie Mitarbeiter sowie einige Ausbildungskandidaten beteiligt. Die klinisch t\u00e4tigen Mitarbeiter des Instituts sind \u00c4rzte und Psychologen, die eine Weiterbildung zum Psychoanalytiker nach den Richtlinien der Deutschen und Internationalen Psychoanalytischen Vereinigung sowie nach den Bestimmungen der Landes\u00e4rztekammer Hessen und der Landeskammer f\u00fcr psychologische Psychotherapeut\/-innen und Kinder- und Jugendlichentherapeut\/-innen Hessen absolviert haben oder abschlie\u00dfen werden.<\/p>\n\n\n\n<p>Die Ambulanz ist seit 1979 von der Kassen\u00e4rztlichen Vereinigung Hessen zur Abrechnung mit den gesetzlichen Krankenversicherungen anerkannt.<\/p>\n\n\n\n<p>Mitarbeiter des Instituts und niedergelassene Psychoanalytiker f\u00fchren im Institut zwei von der KV Hessen anerkannte Qualit\u00e4tszirkel zu folgenden Themen durch: \u201eFragen psychoanalytischer Diagnostik und Therapie&#8220; und \u201eModelle und Therapie depressiver Erkrankungen&#8220;.<\/p>\n\n\n\n<h1 class=\"wp-block-heading\">Wir bieten Ihnen an<\/h1>\n\n\n\n<ul class=\"wp-block-list\">\n<li>Psychoanalytische Erstgespr\u00e4che, in denen wir versuchen, Ihre Probleme zu kl\u00e4ren, und eine Diagnose stellen<\/li>\n\n\n\n<li>Beratung \u00fcber eine geeignete Form der Behandlung<\/li>\n\n\n\n<li>Hilfe bei der Suche nach einem Therapieplatz, da am Institut selbst nur in sehr begrenztem Ma\u00dfe Behandlungsm\u00f6glichkeit besteht<\/li>\n<\/ul>\n\n\n\n<p>F\u00fcr jedes Gespr\u00e4ch sind (dem Erstattungsverfahren entsprechend) 50 Minuten vorgesehen. Wir k\u00f6nnen Patienten in Zusammenarbeit mit niedergelassenen \u00e4rztlichen und psychologischen Psychotherapeuten und in Kenntnis freier Psychotherapiepl\u00e4tze zu folgenden Behandlungen vermitteln:<\/p>\n\n\n\n<ul class=\"wp-block-list\">\n<li>akute Krisenintervention<\/li>\n\n\n\n<li>Kurztherapie<\/li>\n\n\n\n<li>Fokaltherapie<\/li>\n\n\n\n<li>Psychoanalytische Langzeittherapie mit unterschiedlicher Stundenfrequenz pro Woche<\/li>\n<\/ul>\n\n\n\n<p>Unsere Ambulanz ist von der Kassen\u00e4rztlichen Vereinigung Hessen zur Abrechnung mit den gesetzlichen Krankenversicherungen anerkannt. Die Kosten f\u00fcr Erstgespr\u00e4che und Behandlungsstunden werden von den gesetzlichen Krankenkassen \u00fcbernommen. Private Krankenversicherungen sowie die Beihilfe f\u00fcr Beamte \u00fcbernehmen die Kosten f\u00fcr Erstgespr\u00e4che und Behandlungen ganz oder teilweise.<\/p>\n\n\n\n<p>Die vereinbarten Termine sind verbindlich.<\/p>\n\n\n\n<p>Wie Sie uns erreichen k\u00f6nnen, erfahren Sie <a href=\"https:\/\/www.sigmund-freud-institut.de\/index.php\/ambulanz\/kontakt\/\"><strong>hier<\/strong><\/a>.<\/p>\n\n\n\n<h1 class=\"wp-block-heading\">Ambulanzleitung<\/h1>\n\n\n\n<p><a href=\"https:\/\/sigmund-freud-institut.de\/index.php\/mitarbeiter-innen\/annabelle-starck\/\">Dr. Annabelle Starck&nbsp;<\/a>(kommissarisch)<br><a href=\"https:\/\/sigmund-freud-institut.de\/index.php\/mitarbeiter-innen\/weiss-heinz\/\">Prof. Dr. med. Heinz Wei\u00df<\/a> (Supervision)<\/p>\n\n\n\n<h1 class=\"wp-block-heading\">Die Therapeutinnen und Therapeuten<\/h1>\n\n\n\n<p>M.Sc. Psych. Stefan Coels<br><a href=\"https:\/\/www.sigmund-freud-institut.de\/index.php\/mitarbeiter-innen\/msc-psych-clara-frommke\/\">M.Sc. Psych. Clara Frommke<\/a><br><a href=\"https:\/\/sigmund-freud-institut.de\/index.php\/m-sc-psych-charlotte-harbers-naumann\/\">M.Sc. Psych Charlotte Harbers-Naumann<\/a><br>Dr. med. Hellwich-Kipp<br>Dipl.-Psych. Reinhard Hildisch<br>M.Sc. Psych. Tim Klein<br><a href=\"https:\/\/www.sigmund-freud-institut.de\/index.php\/mitarbeiter-innen\/msc-psych-simon-reutlinger\/\">M.Sc. Psych. Simon Reutlinger<\/a><br>M.Sc. Psych. Sofie Schleicher<br><a href=\"http:\/\/www.sigmund-freud-institut.de\/index.php\/institut\/mitarbeiter-innen\/annabelle-starck\/\" target=\"_blank\" rel=\"noopener noreferrer\" class=\"mail\">Dr. Annabelle Starck<\/a><\/p>\n","protected":false},"excerpt":{"rendered":"<p>&nbsp;&nbsp;&nbsp;ENGLISH VERSION Wenn Sie Hilfe bei psychischen und psychosomatischen Leiden oder bei Beziehungskonflikten suchen, k\u00f6nnen Sie gerne unsere psychoanalytische Sprechstunde nutzen. Eine Liste niedergelassener Psychoanalytiker\/-innen und Psychotherapeutinnen\/Psychotherapeuten mit tiefenpsychologisch fundierter Ausbildung in Frankfurt am Main und Umgebung, die Patienten aus der Ambulanz in Behandlung nehmen, finden Sie hier. Fachliche Informationen Die psychotherapeutische Versorgung der Bev\u00f6lkerung &hellip; <\/p>\n<p class=\"link-more\"><a href=\"https:\/\/sigmund-freud-institut.de\/index.php\/ambulanz\/\" class=\"more-link\"><span class=\"screen-reader-text\">\u201eAmbulanz\u201c<\/span> weiterlesen<\/a><\/p>\n","protected":false},"author":1,"featured_media":0,"parent":0,"menu_order":23,"comment_status":"closed","ping_status":"closed","template":"","meta":{"footnotes":""},"class_list":["post-40","page","type-page","status-publish","hentry"],"_links":{"self":[{"href":"https:\/\/sigmund-freud-institut.de\/index.php\/wp-json\/wp\/v2\/pages\/40","targetHints":{"allow":["GET"]}}],"collection":[{"href":"https:\/\/sigmund-freud-institut.de\/index.php\/wp-json\/wp\/v2\/pages"}],"about":[{"href":"https:\/\/sigmund-freud-institut.de\/index.php\/wp-json\/wp\/v2\/types\/page"}],"author":[{"embeddable":true,"href":"https:\/\/sigmund-freud-institut.de\/index.php\/wp-json\/wp\/v2\/users\/1"}],"replies":[{"embeddable":true,"href":"https:\/\/sigmund-freud-institut.de\/index.php\/wp-json\/wp\/v2\/comments?post=40"}],"version-history":[{"count":30,"href":"https:\/\/sigmund-freud-institut.de\/index.php\/wp-json\/wp\/v2\/pages\/40\/revisions"}],"predecessor-version":[{"id":16180,"href":"https:\/\/sigmund-freud-institut.de\/index.php\/wp-json\/wp\/v2\/pages\/40\/revisions\/16180"}],"wp:attachment":[{"href":"https:\/\/sigmund-freud-institut.de\/index.php\/wp-json\/wp\/v2\/media?parent=40"}],"curies":[{"name":"wp","href":"https:\/\/api.w.org\/{rel}","templated":true}]}}