{"id":556,"date":"2018-06-05T09:48:45","date_gmt":"2018-06-05T09:48:45","guid":{"rendered":"http:\/\/test.sigmund-freud-institut.de\/Wordpress\/?page_id=556"},"modified":"2024-11-04T08:46:57","modified_gmt":"2024-11-04T07:46:57","slug":"spaetfolgen-der-shoah","status":"publish","type":"page","link":"https:\/\/sigmund-freud-institut.de\/index.php\/mitarbeiter-innen\/dr-phil-kurt-gruenberg\/spaetfolgen-der-shoah\/","title":{"rendered":"\u00dcberregionale Forschungsgruppe am Sigmund-Freud-Institut zu den psychosozialen Sp\u00e4tfolgen der Shoah"},"content":{"rendered":"<div id=\"gheader\">\n<p>Die nationalsozialistische Verfolgung und Vernichtung der j\u00fcdischen Frauen, M\u00e4nner und Kinder in Europa stellt eine Z\u00e4sur in der deutschen und europ\u00e4ischen Geschichte dar und verursachte die Zerst\u00f6rung jahrhundertealter j\u00fcdischer Lebenswelten. Diese Z\u00e4sur zeitigte weitreichende psychosoziale Folgen. In der transdisziplin\u00e4ren Forschungsgruppe wird verschiedenen Aspekten dieser Auswirkungen sowohl auf der Seite der \u00dcberlebenden und ihren Nachfahren wie auch auf der Seite der ehemaligen T\u00e4terInnen und Mitl\u00e4uferInnen und ihrer Kinder und EnkelInnen nachgegangen. Einzel- wie gemeinsame Projekte umkreisen ihre Themen aus unterschiedlichen Fachperspektiven wie der Psychoanalyse, der Psychologie, der Sozialpsychologie, der Soziologie, den Geschichtswissenschaften und der P\u00e4dagogik.<\/p>\n<\/div>\n<p>In Bezug auf die \u00dcberlebenden stellen sich in erster Linie Fragen nach dem Trauma der Ersten Generation, den intergenerationellen Trauma-Transmissionsprozessen und dem Leben der Kinder und Kindeskinder nach der Shoah. Gefragt wird in diesem Zusammenhang nach j\u00fcdischem Leben insbesondere in Deutschland und \u00d6sterreich. Des Weiteren wird die Bedeutung famili\u00e4rer Verfolgungserfahrungen und ihrer \u00dcbermittlung in individuellen Lebensentw\u00fcrfen, Identit\u00e4tskonstruktionen und bei Migrationsentscheidungen erforscht.<\/p>\n<p>Bei T\u00e4terInnen und Mitl\u00e4uferInnen liegt der Forschungsschwerpunkt auf dem individuellen und kollektiven Umgang mit Schuld und Scham, dem bewussten\/unbewussten Fortwirken der nationalsozialistischen Identifizierungen bei den ehemaligen &#8222;Volksgenossen&#8220; und den Gef\u00fchlserbschaften des Nationalsozialismus bei ihren Nachkommen. Hier werden die Spuren untersucht, die die nationalsozialistische Gesellschaft und die Shoah in Wissensbest\u00e4nden, Affektdynamiken und sozialen Interaktionen in den post-nationalsozialistischen Gesellschaften hinterl\u00e4sst. Ein besonderer Fokus liegt auf den verschiedenen Formen des Antisemitismus nach Auschwitz.<\/p>\n<p><strong>Der Forschungsgruppe geh\u00f6ren folgende Personen an:<\/strong><\/p>\n<p><strong>Prof. Dr. Julia Bernstein<\/strong>, Kulturanthropologin und Soziologin; Professur f\u00fcr Diskriminierung und Inklusion in der Einwanderungsgesellschaft an der Frankfurt University of Applied Sciences. Hyperlink: <a href=\"https:\/\/www.frankfurt-university.de\/de\/hochschule\/fachbereich-4-soziale-arbeit-gesundheit\/kontakt\/professor-innen\/julia-bernstein\/\">https:\/\/www.frankfurt-university.de\/de\/hochschule\/fachbereich-4-soziale-arbeit-gesundheit\/kontakt\/professor-innen\/julia-bernstein\/<\/a><\/p>\n<p><strong>Dr. Markus Brunner<\/strong>, Lehrbeauftragter an der Sigmund Freud PrivatUniversit\u00e4t in Wien und Linz, Mitglied des Koordinationsteams der Arbeitsgemeinschaft Politische Psychologie. Hyperlink:\u00a0<u><a href=\"http:\/\/www.agpolpsy.de\/brunner\">www.agpolpsy.de\/brunner<\/a><\/u><\/p>\n<p><strong>Dr. phil. Kurt Gr\u00fcnberg<\/strong>, Wissenschaftlicher Mitarbeiter am Sigmund-Freud-Institut, Frankfurt am Main. Hyperlink:\u00a0<a href=\"http:\/\/www.sigmund-freud-institut.de\/index.php\/institut\/mitarbeiter-innen\/dr-phil-kurt-gruenberg\/\">http:\/\/www.sigmund-freud-institut.de\/index.php\/institut\/mitarbeiter-innen\/dr-phil-kurt-gruenberg\/<\/a><\/p>\n<p><strong>Prof. Dr. Lena Inowlocki<\/strong>, Soziologin, Professur f\u00fcr Gesellschaft und Pers\u00f6nlichkeit mit dem Schwerpunkt Familien- und Jugendsoziologie und Migrationsbiografien an der Frankfurt University Of Applied Sciences. Hyperlink: <a href=\"https:\/\/www.frankfurt-university.de\/de\/hochschule\/fachbereich-4-soziale-arbeit-gesundheit\/kontakt\/professor-innen\/lena-inowlocki-ir\/\">https:\/\/www.frankfurt-university.de\/de\/hochschule\/fachbereich-4-soziale-arbeit-gesundheit\/kontakt\/professor-innen\/lena-inowlocki-ir\/<\/a><\/p>\n<p><strong>Dr. Judith Lebiger-Vogel<\/strong>, Wissenschaftliche Mitarbeiterin am Sigmund-Freud-Institut, Frankfurt am Main. Hyperlink:\u00a0http:\/\/www.sigmund-freud-institut.de\/index.php\/institut\/mitarbeiter-innen\/dr-phil-judith-lebiger-vogel\/<\/p>\n<p><strong>Dr. Jan Lohl<\/strong><\/p>\n<p><strong>Prof. Dr. phil. Angela Mor\u00e9<\/strong>, Sozialpsychologin, Gruppenanalytikerin (D3G), apl. Prof. an der Leibniz Universit\u00e4t Hannover. Hyperlink:\u00a0<u>www.ish.uni-hannover.de\/2755.html<\/u><\/p>\n<p><strong>Dr. Andrea Neugebauer<\/strong>, Soziologin, Technische Universit\u00e4t Darmstadt. Kontakt:\u00a0<a href=\"mailto:andreaneugebauer@gmx.net\">andreaneugebauer(at)gmx.net<\/a><\/p>\n<p><strong>Dr. phil. Nele Reuleaux<\/strong>, Sozialpsychologin, Gruppenanalytikerin (SGAZ). Mitarbeiterin der Psychologisch-Therapeutischen Beratung f\u00fcr Studierende der Leibniz Universit\u00e4t Hannover. Kontakt:\u00a0<a href=\"mailto:reuleaux@ptb.uni-hannover.de\">reuleaux(at)ptb.uni-hannover.de<\/a><\/p>\n<p><strong>Dr. phil. Katharina Rothe<\/strong>, Dipl.-Psych., wissenschaftliche Mitarbeiterin an der Universit\u00e4t Leipzig, in psychoanalytischer Ausbildung am William Alanson White Institute in New York. Hyperlink:\u00a0<u><\/u><\/p>\n<p><strong>Dr. phil. Nadine Teuber<\/strong>, Lehrbeauftrage an der Goethe-Universit\u00e4t Frankfurt am Main. Kontakt: <u><a href=\"mailto:nadineteuber@gmx.net\">nadineteuber(at)gmx.net<\/a><\/u><\/p>\n<p><strong>Dipl. P\u00e4d. Michael Vollrath<\/strong>, Psychotherapeut analytische Kinder und Jugendlichen Psychotherapie i.A. (IAKJP Berlin). Kontakt:\u00a0<a href=\"mailto:Michael.Vollrath@googlemail.com\">Michael.Vollrath(at)googlemail.com<\/a><\/p>\n<p><strong>Dipl. Soz. Ruth Zeifert<\/strong>, M\u00fcnchen. Hyperlink:\u00a0<u>www.ruthzeifert.de<\/u><\/p>\n<p>(08\/12\/2018)<\/p>\n<p>&nbsp;<\/p>\n","protected":false},"excerpt":{"rendered":"<p>Die nationalsozialistische Verfolgung und Vernichtung der j\u00fcdischen Frauen, M\u00e4nner und Kinder in Europa stellt eine Z\u00e4sur in der deutschen und europ\u00e4ischen Geschichte dar und verursachte die Zerst\u00f6rung jahrhundertealter j\u00fcdischer Lebenswelten. Diese Z\u00e4sur zeitigte weitreichende psychosoziale Folgen. In der transdisziplin\u00e4ren Forschungsgruppe wird verschiedenen Aspekten dieser Auswirkungen sowohl auf der Seite der \u00dcberlebenden und ihren Nachfahren wie &hellip; <\/p>\n<p class=\"link-more\"><a href=\"https:\/\/sigmund-freud-institut.de\/index.php\/mitarbeiter-innen\/dr-phil-kurt-gruenberg\/spaetfolgen-der-shoah\/\" class=\"more-link\"><span class=\"screen-reader-text\">\u201e\u00dcberregionale Forschungsgruppe am Sigmund-Freud-Institut zu den psychosozialen Sp\u00e4tfolgen der Shoah\u201c<\/span> weiterlesen<\/a><\/p>\n","protected":false},"author":1,"featured_media":0,"parent":549,"menu_order":129,"comment_status":"closed","ping_status":"closed","template":"","meta":{"footnotes":""},"class_list":["post-556","page","type-page","status-publish","hentry"],"_links":{"self":[{"href":"https:\/\/sigmund-freud-institut.de\/index.php\/wp-json\/wp\/v2\/pages\/556","targetHints":{"allow":["GET"]}}],"collection":[{"href":"https:\/\/sigmund-freud-institut.de\/index.php\/wp-json\/wp\/v2\/pages"}],"about":[{"href":"https:\/\/sigmund-freud-institut.de\/index.php\/wp-json\/wp\/v2\/types\/page"}],"author":[{"embeddable":true,"href":"https:\/\/sigmund-freud-institut.de\/index.php\/wp-json\/wp\/v2\/users\/1"}],"replies":[{"embeddable":true,"href":"https:\/\/sigmund-freud-institut.de\/index.php\/wp-json\/wp\/v2\/comments?post=556"}],"version-history":[{"count":5,"href":"https:\/\/sigmund-freud-institut.de\/index.php\/wp-json\/wp\/v2\/pages\/556\/revisions"}],"predecessor-version":[{"id":14054,"href":"https:\/\/sigmund-freud-institut.de\/index.php\/wp-json\/wp\/v2\/pages\/556\/revisions\/14054"}],"up":[{"embeddable":true,"href":"https:\/\/sigmund-freud-institut.de\/index.php\/wp-json\/wp\/v2\/pages\/549"}],"wp:attachment":[{"href":"https:\/\/sigmund-freud-institut.de\/index.php\/wp-json\/wp\/v2\/media?parent=556"}],"curies":[{"name":"wp","href":"https:\/\/api.w.org\/{rel}","templated":true}]}}