{"id":6188,"date":"2021-04-01T10:27:11","date_gmt":"2021-04-01T08:27:11","guid":{"rendered":"https:\/\/www.sigmund-freud-institut.de\/?page_id=6188"},"modified":"2023-03-07T11:45:43","modified_gmt":"2023-03-07T10:45:43","slug":"mitarbeiter-dr-phil-kurt-gruenberg-publikationen","status":"publish","type":"page","link":"https:\/\/sigmund-freud-institut.de\/index.php\/mitarbeiter-dr-phil-kurt-gruenberg-publikationen\/","title":{"rendered":"Publikationen (Auswahl)"},"content":{"rendered":"\n<p><strong>Herausgeberschaften<\/strong><\/p>\n\n\n\n<p>Gr\u00fcnberg, K., Leuschner, W. &amp; Initiative 9. November (Hg.) (2017): <em>Populismus,Paranoia, Pogrom<\/em>. Affekterbschaften des Nationalsozialismus. Frankfurt am Main: Brandes &amp; Apsel.<\/p>\n\n\n\n<p>Gr\u00fcnberg, K., L. Inowlocki, M. K\u00f6hnlein, A. Mor\u00e9 (Gastherausgeber) (2013): Antisemitismus\/Erfahrungen \u2013 Sp\u00e4tfolgen der Shoah und Antisemitismus heute. <em>Psychoanalyse \u2013 Texte zur Sozialforschung, 17 <\/em>(2). Lengerich: Pabst Science Publishers.<\/p>\n\n\n\n<p>Gr\u00fcnberg, K. &amp; J. Straub (Hg.) (2001): <em>Unverlierbare Zeit. <\/em>Psychosoziale Sp\u00e4tfolgen des Nationalsozialismus bei Nachkommen von Opfern und T\u00e4tern. T\u00fcbingen: Edition diskord.<\/p>\n\n\n\n<p>Bareuther, H., Brede, K., Ebert-Saleh, M., Gr\u00fcnberg K. &amp; Hau S. (1999 bis 2004): <em>Psychoanalytische Beitr\u00e4ge aus dem Sigmund-Freud-Institut. <\/em>T\u00fcbingen: Edition diskord.<\/p>\n\n\n\n<p>Bareuther, H., Brede, K., Ebert-Saleh, M., Gr\u00fcnberg K. &amp; Hau S. (bis 1998): <em>Materialien aus dem Sigmund-Freud-Institut. <\/em>M\u00fcnster: Lit Verlag.<\/p>\n\n\n\n<p><strong>Publikationen<\/strong><\/p>\n\n\n\n<p>Gr\u00fcnberg, K. (2022): Afterwards \u2013 Forgetting, Remembering, Transmitting. Extreme Trauma and Culture in Post-National-Socialist Germany. <em>The American Journal of Psychoanalysis<\/em>, 82, 405-425.<\/p>\n\n\n\n<p>Gr\u00fcnberg, K. (2021): Kindertransporte und transgenerationale Trauma-Tradierung. In Asmus, S., Beebone, J. (Hg.), Kinderemigration aus Frankfurt am Main. Geschichten der Rettung, des Verlusts und der Erinnerung. G\u00f6ttingen: Wallstein Verlag, 82-87.<\/p>\n\n\n\n<p>Gr\u00fcnberg, K. (2020): Danach \u2013 Erinnern, Vergessen, Tradieren. Extremes Trauma und Kultur im postnationalsozialistischen Deutschland. In Zentralwohlfahrtsstelle der Juden in Deutschland, <em>Erinnern und Vergessen. Psychosoziale Arbeit mit \u00dcberlebenden der Shoah und ihren Nachkommen<\/em>. Berlin\/Leipzig: Hentrich &amp; Hentrich Verlag, 28-47.<\/p>\n\n\n\n<p>Gr\u00fcnberg, K. (2020): Vorwort oder \u201eDer S\u00e4nger von Auschwitz\u201c. In von Treuenfeld, A.,\u00a0<em>Leben mit Auschwitz<\/em>. Momente der Geschichte und Erfahrungen der Dritten Generation. G\u00fctersloh: G\u00fctersloher Verlagshaus, 8-12.<\/p>\n\n\n\n<p>Gr\u00fcnberg, K. (2019): \u201eEs gibt Dinge, die man lieber vergessen m\u00f6chte als sie zu erinnern.\u201c Tradierung extremen Traumas durch \u201eSzenisches Erinnern der Shoah\u201c. In: Alley, J. ] Wettengl, K. (Hrsg.), <em>Vergessen \u2013 Warum wir nicht alles erinnern<\/em>. Begleitbuch zur Ausstellung. Schriften des Historischen Museums Frankfurt, Band 37, 167-169.<\/p>\n\n\n\n<p>Gr\u00fcnberg, K. (2019): Zur Tradierung extremen Traumas in Deutschland. Szenisches Erinnern der Shoah. In Bataller Bautista, I., Johne, M., Nitzschmann, K., Treu, G. (Hg.), <em>Gegenwart des Unheimlichen \u2013 unheimliche Gegenwart<\/em>. Klinische, \u00e4sthetische und gesellschaftliche Perspektiven 100 Jahre nach Freud. Fr\u00fchjahrstagung 2019 Deutsche Psychoanalytische Vereinigung. Gie\u00dfen: Psychosozial-Verlag, 405-409.<\/p>\n\n\n\n<p>Gr\u00fcnberg, K. &amp; Markert, F. (2018): Child Survivors in Deutschland. Zur Tradierung des extremen Traumas durch Szenisches Erinnern der Shoah. <em>Psychosozial, 153<\/em> (3), 73-97.<\/p>\n\n\n\n<p>Gr\u00fcnberg, K. &amp; Markert, F. (2017): Child Survivors: Stolen Childhood \u2013 Scenic Memory of the Shoah in Jewish child or Adolescent Survivors of Nazi Persecution. <em>The American Journal of Psychoanalysis, 77<\/em>, 105-127.<\/p>\n\n\n\n<p>Gr\u00fcnberg, K. (2017): Etwas mehr als eine Einleitung. In Gr\u00fcnberg, K., Leuschner, W. &amp; Initiative 9. November (Hg.), <em>Populismus, Paranoia, Pogrom <\/em>7-14) Affekterbschaften des Nationalsozialismus. Frankfurt am Main: Brandes &amp; Apsel.<\/p>\n\n\n\n<p>Gr\u00fcnberg, K., Leuschner, W. &amp; Initiative 9. November (Hg.) (2017). <em>Populismus, Paranoia, Pogrom<\/em>. Affekterbschaften des Nationalsozialismus. Frankfurt am Main: Brandes &amp; Apsel.<\/p>\n\n\n\n<p>Gr\u00fcnberg, K. (2017): Ist das Antisemitismus? Deutsch-j\u00fcdische Erfahrungen nach der Shoah. In Evangelischer Pressedienst epd Dokumentation, <em>Antisemitismus als politische Theologie <\/em>(S. 42-49). Typologien und Welterkl\u00e4rungsmuster, Tagung der Evangelischen Akademie zu Berlin, 24.-26. Januar 2017.<\/p>\n\n\n\n<p>Gr\u00fcnberg, K. (2017): Todesmarsch und Grabeswanderung \u2013 Szenisches Erinnern der Shoah. Ein Beitrag zur transgenerationalen Tradierung extremen Traumas in Deutschland. In Leuzinger-Bohleber, M., Bahrke, U., Fischmann, T., Arnold, S., Hau, S. (Hg.), <em>Flucht, Migration und Trauma<\/em>: Die Folgen f\u00fcr die n\u00e4chste Generation. G\u00f6ttingen: Vandenhoeck und Ruprecht, 131-150.<\/p>\n\n\n\n<p>Gr\u00fcnberg, K. &amp; Markert, F. (2016): Child Survivors \u2013 Geraubte Kindheit. Szenisches Erinnern der Shoah bei \u00dcberlebenden, die als Kinder oder Jugendliche Opfer der Nazi-Verfolgung waren. <em>Psyche, 70 (5), <\/em>411-440.<\/p>\n\n\n\n<p>Gr\u00fcnberg, K. &amp; Markert, F. (2016): Todesmarsch und Grabeswanderung \u2013 Szenisches Erinnern der Shoah. Ein Beitrag zur transgenerationalen Tradierung extremen Traumas in Deutschland. In Keil, M. &amp; Mettauer, P. (Hrsg.), <em>Drei Generationen<\/em>. Shoah und Nationalsozialismus im Familienged\u00e4chtnis. Innsbruck: Studienverlag, 231-260<\/p>\n\n\n\n<p>Gr\u00fcnberg, K. (2016): Szenisches Erinnern der Shoah. \u00dcber transgenerationale Tradierungen extremen Traumas in einer \u00dcberlebenden-Familie. In Chernivsky, M., Scheuring, J., Zentralwohlfahrtsstelle der Juden in Deutschland e.V. (Hrsg.), <em>Gef\u00fchlserbschaften im Umbruch<\/em>. Perspektiven, Kontroversen, Gegenwartsfragen. Frankfurt\/M., 42-63.<\/p>\n\n\n\n<p>Gr\u00fcnberg, K. &amp; Markert, F. (2015): Von einem G\u00fcnter Grass erschossen? Szenisches Erinnern der Shoah. <em>Gruppenanalyse, 25 (2), <\/em>135-148.<\/p>\n\n\n\n<p>Gr\u00fcnberg, K. &amp; Markert, F. (2015): Extremes Trauma, Kultur, Szenisches Erinnern der Shoah. <em>Psychosozial, 142 <\/em>(4)<em>, <\/em>9-16.<\/p>\n\n\n\n<p>Gr\u00fcnberg, K. &amp; Markert, F. (2015): Todesmarsch und Grabeswanderung \u2013 Szenisches Erinnern der Shoah. Ein Beitrag zur transgenerationalen Tradierung von Trauma in Deutschland. In <em>Betreuung und Belastung. Herausforderungen bei der psychosozialen Versorgung von \u00dcberlebenden der Shoah (<\/em>18-31). Zentralwohlfahrtsstelle der Juden in Deutschland.<\/p>\n\n\n\n<p><a href=\"https:\/\/www.sigmund-freud-institut.de\/wp-content\/uploads\/Literatur-Gruenberg_03.2023.pdf\" target=\"_blank\" rel=\"noreferrer noopener\">Publikationen<\/a><\/p>\n","protected":false},"excerpt":{"rendered":"<p>Herausgeberschaften Gr\u00fcnberg, K., Leuschner, W. &amp; Initiative 9. November (Hg.) (2017): Populismus,Paranoia, Pogrom. Affekterbschaften des Nationalsozialismus. Frankfurt am Main: Brandes &amp; Apsel. Gr\u00fcnberg, K., L. Inowlocki, M. K\u00f6hnlein, A. Mor\u00e9 (Gastherausgeber) (2013): Antisemitismus\/Erfahrungen \u2013 Sp\u00e4tfolgen der Shoah und Antisemitismus heute. Psychoanalyse \u2013 Texte zur Sozialforschung, 17 (2). Lengerich: Pabst Science Publishers. Gr\u00fcnberg, K. &amp; J. &hellip; <\/p>\n<p class=\"link-more\"><a href=\"https:\/\/sigmund-freud-institut.de\/index.php\/mitarbeiter-dr-phil-kurt-gruenberg-publikationen\/\" class=\"more-link\"><span class=\"screen-reader-text\">\u201ePublikationen (Auswahl)\u201c<\/span> weiterlesen<\/a><\/p>\n","protected":false},"author":2,"featured_media":0,"parent":0,"menu_order":0,"comment_status":"closed","ping_status":"closed","template":"","meta":{"footnotes":""},"class_list":["post-6188","page","type-page","status-publish","hentry"],"_links":{"self":[{"href":"https:\/\/sigmund-freud-institut.de\/index.php\/wp-json\/wp\/v2\/pages\/6188","targetHints":{"allow":["GET"]}}],"collection":[{"href":"https:\/\/sigmund-freud-institut.de\/index.php\/wp-json\/wp\/v2\/pages"}],"about":[{"href":"https:\/\/sigmund-freud-institut.de\/index.php\/wp-json\/wp\/v2\/types\/page"}],"author":[{"embeddable":true,"href":"https:\/\/sigmund-freud-institut.de\/index.php\/wp-json\/wp\/v2\/users\/2"}],"replies":[{"embeddable":true,"href":"https:\/\/sigmund-freud-institut.de\/index.php\/wp-json\/wp\/v2\/comments?post=6188"}],"version-history":[{"count":0,"href":"https:\/\/sigmund-freud-institut.de\/index.php\/wp-json\/wp\/v2\/pages\/6188\/revisions"}],"wp:attachment":[{"href":"https:\/\/sigmund-freud-institut.de\/index.php\/wp-json\/wp\/v2\/media?parent=6188"}],"curies":[{"name":"wp","href":"https:\/\/api.w.org\/{rel}","templated":true}]}}

<p><strong>Herausgeberschaften</strong></p>



<p>Grünberg, K., Leuschner, W. &amp; Initiative 9. November (Hg.) (2017): <em>Populismus,Paranoia, Pogrom</em>. Affekterbschaften des Nationalsozialismus. Frankfurt am Main: Brandes &amp; Apsel.</p>



<p>Grünberg, K., L. Inowlocki, M. Köhnlein, A. Moré (Gastherausgeber) (2013): Antisemitismus/Erfahrungen – Spätfolgen der Shoah und Antisemitismus heute. <em>Psychoanalyse – Texte zur Sozialforschung, 17 </em>(2). Lengerich: Pabst Science Publishers.</p>



<p>Grünberg, K. &amp; J. Straub (Hg.) (2001): <em>Unverlierbare Zeit. </em>Psychosoziale Spätfolgen des Nationalsozialismus bei Nachkommen von Opfern und Tätern. Tübingen: Edition diskord.</p>



<p>Bareuther, H., Brede, K., Ebert-Saleh, M., Grünberg K. &amp; Hau S. (1999 bis 2004): <em>Psychoanalytische Beiträge aus dem Sigmund-Freud-Institut. </em>Tübingen: Edition diskord.</p>



<p>Bareuther, H., Brede, K., Ebert-Saleh, M., Grünberg K. &amp; Hau S. (bis 1998): <em>Materialien aus dem Sigmund-Freud-Institut. </em>Münster: Lit Verlag.</p>



<p><strong>Publikationen</strong></p>



<p>Grünberg, K. (2022): Afterwards – Forgetting, Remembering, Transmitting. Extreme Trauma and Culture in Post-National-Socialist Germany. <em>The American Journal of Psychoanalysis</em>, 82, 405-425.</p>



<p>Grünberg, K. (2021): Kindertransporte und transgenerationale Trauma-Tradierung. In Asmus, S., Beebone, J. (Hg.), Kinderemigration aus Frankfurt am Main. Geschichten der Rettung, des Verlusts und der Erinnerung. Göttingen: Wallstein Verlag, 82-87.</p>



<p>Grünberg, K. (2020): Danach – Erinnern, Vergessen, Tradieren. Extremes Trauma und Kultur im postnationalsozialistischen Deutschland. In Zentralwohlfahrtsstelle der Juden in Deutschland, <em>Erinnern und Vergessen. Psychosoziale Arbeit mit Überlebenden der Shoah und ihren Nachkommen</em>. Berlin/Leipzig: Hentrich &amp; Hentrich Verlag, 28-47.</p>



<p>Grünberg, K. (2020): Vorwort oder „Der Sänger von Auschwitz“. In von Treuenfeld, A., <em>Leben mit Auschwitz</em>. Momente der Geschichte und Erfahrungen der Dritten Generation. Gütersloh: Gütersloher Verlagshaus, 8-12.</p>



<p>Grünberg, K. (2019): „Es gibt Dinge, die man lieber vergessen möchte als sie zu erinnern.“ Tradierung extremen Traumas durch „Szenisches Erinnern der Shoah“. In: Alley, J. ] Wettengl, K. (Hrsg.), <em>Vergessen – Warum wir nicht alles erinnern</em>. Begleitbuch zur Ausstellung. Schriften des Historischen Museums Frankfurt, Band 37, 167-169.</p>



<p>Grünberg, K. (2019): Zur Tradierung extremen Traumas in Deutschland. Szenisches Erinnern der Shoah. In Bataller Bautista, I., Johne, M., Nitzschmann, K., Treu, G. (Hg.), <em>Gegenwart des Unheimlichen – unheimliche Gegenwart</em>. Klinische, ästhetische und gesellschaftliche Perspektiven 100 Jahre nach Freud. Frühjahrstagung 2019 Deutsche Psychoanalytische Vereinigung. Gießen: Psychosozial-Verlag, 405-409.</p>



<p>Grünberg, K. &amp; Markert, F. (2018): Child Survivors in Deutschland. Zur Tradierung des extremen Traumas durch Szenisches Erinnern der Shoah. <em>Psychosozial, 153</em> (3), 73-97.</p>



<p>Grünberg, K. &amp; Markert, F. (2017): Child Survivors: Stolen Childhood – Scenic Memory of the Shoah in Jewish child or Adolescent Survivors of Nazi Persecution. <em>The American Journal of Psychoanalysis, 77</em>, 105-127.</p>



<p>Grünberg, K. (2017): Etwas mehr als eine Einleitung. In Grünberg, K., Leuschner, W. &amp; Initiative 9. November (Hg.), <em>Populismus, Paranoia, Pogrom </em>7-14) Affekterbschaften des Nationalsozialismus. Frankfurt am Main: Brandes &amp; Apsel.</p>



<p>Grünberg, K., Leuschner, W. &amp; Initiative 9. November (Hg.) (2017). <em>Populismus, Paranoia, Pogrom</em>. Affekterbschaften des Nationalsozialismus. Frankfurt am Main: Brandes &amp; Apsel.</p>



<p>Grünberg, K. (2017): Ist das Antisemitismus? Deutsch-jüdische Erfahrungen nach der Shoah. In Evangelischer Pressedienst epd Dokumentation, <em>Antisemitismus als politische Theologie </em>(S. 42-49). Typologien und Welterklärungsmuster, Tagung der Evangelischen Akademie zu Berlin, 24.-26. Januar 2017.</p>



<p>Grünberg, K. (2017): Todesmarsch und Grabeswanderung – Szenisches Erinnern der Shoah. Ein Beitrag zur transgenerationalen Tradierung extremen Traumas in Deutschland. In Leuzinger-Bohleber, M., Bahrke, U., Fischmann, T., Arnold, S., Hau, S. (Hg.), <em>Flucht, Migration und Trauma</em>: Die Folgen für die nächste Generation. Göttingen: Vandenhoeck und Ruprecht, 131-150.</p>



<p>Grünberg, K. &amp; Markert, F. (2016): Child Survivors – Geraubte Kindheit. Szenisches Erinnern der Shoah bei Überlebenden, die als Kinder oder Jugendliche Opfer der Nazi-Verfolgung waren. <em>Psyche, 70 (5), </em>411-440.</p>



<p>Grünberg, K. &amp; Markert, F. (2016): Todesmarsch und Grabeswanderung – Szenisches Erinnern der Shoah. Ein Beitrag zur transgenerationalen Tradierung extremen Traumas in Deutschland. In Keil, M. &amp; Mettauer, P. (Hrsg.), <em>Drei Generationen</em>. Shoah und Nationalsozialismus im Familiengedächtnis. Innsbruck: Studienverlag, 231-260</p>



<p>Grünberg, K. (2016): Szenisches Erinnern der Shoah. Über transgenerationale Tradierungen extremen Traumas in einer Überlebenden-Familie. In Chernivsky, M., Scheuring, J., Zentralwohlfahrtsstelle der Juden in Deutschland e.V. (Hrsg.), <em>Gefühlserbschaften im Umbruch</em>. Perspektiven, Kontroversen, Gegenwartsfragen. Frankfurt/M., 42-63.</p>



<p>Grünberg, K. &amp; Markert, F. (2015): Von einem Günter Grass erschossen? Szenisches Erinnern der Shoah. <em>Gruppenanalyse, 25 (2), </em>135-148.</p>



<p>Grünberg, K. &amp; Markert, F. (2015): Extremes Trauma, Kultur, Szenisches Erinnern der Shoah. <em>Psychosozial, 142 </em>(4)<em>, </em>9-16.</p>



<p>Grünberg, K. &amp; Markert, F. (2015): Todesmarsch und Grabeswanderung – Szenisches Erinnern der Shoah. Ein Beitrag zur transgenerationalen Tradierung von Trauma in Deutschland. In <em>Betreuung und Belastung. Herausforderungen bei der psychosozialen Versorgung von Überlebenden der Shoah (</em>18-31). Zentralwohlfahrtsstelle der Juden in Deutschland.</p>



<p><a href="https://www.sigmund-freud-institut.de/wp-content/uploads/Literatur-Gruenberg_03.2023.pdf" target="_blank" rel="noreferrer noopener">Publikationen</a></p>

<p>Herausgeberschaften Grünberg, K., Leuschner, W. &amp; Initiative 9. November (Hg.) (2017): Populismus,Paranoia, Pogrom. Affekterbschaften des Nationalsozialismus. Frankfurt am Main: Brandes &amp; Apsel. Grünberg, K., L. Inowlocki, M. Köhnlein, A. Moré (Gastherausgeber) (2013): Antisemitismus/Erfahrungen – Spätfolgen der Shoah und Antisemitismus heute. Psychoanalyse – Texte zur Sozialforschung, 17 (2). Lengerich: Pabst Science Publishers. Grünberg, K. &amp; J. &hellip; </p>
<p class="link-more"><a href="https://sigmund-freud-institut.de/index.php/mitarbeiter-dr-phil-kurt-gruenberg-publikationen/" class="more-link"><span class="screen-reader-text">„Publikationen (Auswahl)“</span> weiterlesen</a></p>
