{"id":823,"date":"2018-06-09T13:08:43","date_gmt":"2018-06-09T11:08:43","guid":{"rendered":"http:\/\/www.sigmund-freud-institut.de\/?page_id=823"},"modified":"2024-07-22T10:50:08","modified_gmt":"2024-07-22T08:50:08","slug":"starthilfe","status":"publish","type":"page","link":"https:\/\/sigmund-freud-institut.de\/index.php\/starthilfe\/","title":{"rendered":"Starthilfe"},"content":{"rendered":"<div id=\"gheader\">\n<h1>Starthilfe<\/h1>\n<h2>Ausf\u00fchrliche Projektbeschreibung<\/h2>\n<\/div>\n<p>Fr\u00fche Gewaltpr\u00e4vention, soziales Lernen sowie die F\u00f6rderung der sozialen Integration von Kindern aus Randgruppen geh\u00f6rten zu den Zielen der\u00a0Frankfurter Pr\u00e4ventionsstudie, die das Sigmund-Freud-Institut in Kooperation mit dem Anna-Freud-Institut Frankfurt und dem St\u00e4dtischen Schulamt von 2003 bis 2006 in 14 Frankfurter Kindertagesst\u00e4tten durchgef\u00fchrt hat.<\/p>\n<p>Die Studie ging von neueren Ergebnissen der psychoanalytischen Entwicklungspsychologie, der Fr\u00fchp\u00e4dagogik und der Hirnforschung aus, dass in den ersten Lebensjahren die Weichen f\u00fcr die sp\u00e4tere psychische und psychosoziale Entwicklung in hohem Ma\u00dfe gestellt werden. Dank der enormen Plastizit\u00e4t von Seele und Gehirn k\u00f6nnen durch relativ geringen Aufwand falsch gestellte Weichen korrigiert werden. Daher bietet die Fr\u00fchpr\u00e4vention enorme Chancen f\u00fcr Kinder, ihre Familien, aber auch f\u00fcr Institutionen und unsere Gesellschaft ganz allgemein.<\/p>\n<p>In Zeiten der beunruhigend zunehmenden Gewalt auch schon bei kleinen Kindern sind dies wichtige Erkenntnisse. So wissen wir aus vielen Studien, dass die ca. 3% der Kinder, die schon mit 3 Jahren gewaltt\u00e4tiges Verhalten zeigen, mit hoher Wahrscheinlichkeit sp\u00e4ter massive destruktive Verhaltensweisen entwickeln werden. Doch fast noch beunruhigender ist die Beobachtung, dass\u00a0 aggressiv-destruktives Verhalten leider nicht mehr vornehmlich bei Kindern aus High-risk-Milieus beobachtet wird, sondern in beunruhigender Weise zunehmend ansteigend bei Kindern aus so genannten \u201enormalen Verh\u00e4ltnissen\u201c bzw. bei anderen \u201eRisikogruppen\u201c (z.B. bei Scheidungskindern, Kindern aus multikulturellen Familien etc.) zu beobachten ist.<\/p>\n<p>Die Ergebnisse der Frankfurter Pr\u00e4ventionsstudie stimmen mit anderen Studien \u00fcberein: etwa 15% der Kindergartenkinder zeigen schon in diesem fr\u00fchen Alter sozial auff\u00e4lliges Verhalten. Vor diesem Hintergrund sind die Ergebnisse der repr\u00e4sentativen Untersuchung hoch relevant: sowohl die Aggressivit\u00e4t, die \u00c4ngstlichkeit und die Hyperaktivit\u00e4t der Kinder nehmen durch das Pr\u00e4ventionsprogramm \u2013 verglichen mit der Kontrollgruppe \u2013 statistisch signifikant ab (allerdings ist interessanterweise nur die Abnahme der Hyperaktivit\u00e4t bei M\u00e4dchen statistisch signifikant).<\/p>\n<p>Erfreulicherweise ist es seit 2007 gelungen, zun\u00e4chst durch die Unterst\u00fctzung der Polytechnischen Gesellschaft, der Crespo Foundation, der Zinkann Stiftung, sowie der Stadt Frankfurt die Erkenntnisse der Studie in einer 2. Projektphase in weiteren 10 Kindertagesst\u00e4tten umzusetzen. Die Kinderzentren bewerben sich um eine Teilnahme am Starthilfeprojekt und erhalten f\u00fcr zwei Jahre das folgende Angebot:<\/p>\n<ul>\n<li>W\u00f6chentliche Unterst\u00fctzungen durch p\u00e4dagogisch-psychoanalytisch geschulte Projektmitarbeitende in den Einrichtungen selbst<\/li>\n<li>Zus\u00e4tzliche Professionalisierung des Kita-Teams durch 14-t\u00e4gliche Supervisionen durch erfahrene, gut ausgebildete Supervisorinnen und Supervisoren<\/li>\n<li>Unterst\u00fctzung bei der Elternarbeit<\/li>\n<\/ul>\n<p>Das Projekt wird in Kooperation zwischen dem Sigmund-Freud-Institut und dem Anna-Freud-Institut durchgef\u00fchrt. Seit 2017 finanziert die Stadt Frankfurt \u00fcber den Betrieb Kita Frankfurt das Starthilfe-Projekt.<\/p>\n","protected":false},"excerpt":{"rendered":"<p>Starthilfe Ausf\u00fchrliche Projektbeschreibung Fr\u00fche Gewaltpr\u00e4vention, soziales Lernen sowie die F\u00f6rderung der sozialen Integration von Kindern aus Randgruppen geh\u00f6rten zu den Zielen der\u00a0Frankfurter Pr\u00e4ventionsstudie, die das Sigmund-Freud-Institut in Kooperation mit dem Anna-Freud-Institut Frankfurt und dem St\u00e4dtischen Schulamt von 2003 bis 2006 in 14 Frankfurter Kindertagesst\u00e4tten durchgef\u00fchrt hat. Die Studie ging von neueren Ergebnissen der psychoanalytischen Entwicklungspsychologie, &hellip; <\/p>\n<p class=\"link-more\"><a href=\"https:\/\/sigmund-freud-institut.de\/index.php\/starthilfe\/\" class=\"more-link\"><span class=\"screen-reader-text\">\u201eStarthilfe\u201c<\/span> weiterlesen<\/a><\/p>\n","protected":false},"author":1,"featured_media":0,"parent":0,"menu_order":1,"comment_status":"closed","ping_status":"closed","template":"","meta":{"footnotes":""},"class_list":["post-823","page","type-page","status-publish","hentry"],"_links":{"self":[{"href":"https:\/\/sigmund-freud-institut.de\/index.php\/wp-json\/wp\/v2\/pages\/823","targetHints":{"allow":["GET"]}}],"collection":[{"href":"https:\/\/sigmund-freud-institut.de\/index.php\/wp-json\/wp\/v2\/pages"}],"about":[{"href":"https:\/\/sigmund-freud-institut.de\/index.php\/wp-json\/wp\/v2\/types\/page"}],"author":[{"embeddable":true,"href":"https:\/\/sigmund-freud-institut.de\/index.php\/wp-json\/wp\/v2\/users\/1"}],"replies":[{"embeddable":true,"href":"https:\/\/sigmund-freud-institut.de\/index.php\/wp-json\/wp\/v2\/comments?post=823"}],"version-history":[{"count":3,"href":"https:\/\/sigmund-freud-institut.de\/index.php\/wp-json\/wp\/v2\/pages\/823\/revisions"}],"predecessor-version":[{"id":13525,"href":"https:\/\/sigmund-freud-institut.de\/index.php\/wp-json\/wp\/v2\/pages\/823\/revisions\/13525"}],"wp:attachment":[{"href":"https:\/\/sigmund-freud-institut.de\/index.php\/wp-json\/wp\/v2\/media?parent=823"}],"curies":[{"name":"wp","href":"https:\/\/api.w.org\/{rel}","templated":true}]}}

<div id="gheader">
<h1>Starthilfe</h1>
<h2>Ausführliche Projektbeschreibung</h2>
</div>
<p>Frühe Gewaltprävention, soziales Lernen sowie die Förderung der sozialen Integration von Kindern aus Randgruppen gehörten zu den Zielen der Frankfurter Präventionsstudie, die das Sigmund-Freud-Institut in Kooperation mit dem Anna-Freud-Institut Frankfurt und dem Städtischen Schulamt von 2003 bis 2006 in 14 Frankfurter Kindertagesstätten durchgeführt hat.</p>
<p>Die Studie ging von neueren Ergebnissen der psychoanalytischen Entwicklungspsychologie, der Frühpädagogik und der Hirnforschung aus, dass in den ersten Lebensjahren die Weichen für die spätere psychische und psychosoziale Entwicklung in hohem Maße gestellt werden. Dank der enormen Plastizität von Seele und Gehirn können durch relativ geringen Aufwand falsch gestellte Weichen korrigiert werden. Daher bietet die Frühprävention enorme Chancen für Kinder, ihre Familien, aber auch für Institutionen und unsere Gesellschaft ganz allgemein.</p>
<p>In Zeiten der beunruhigend zunehmenden Gewalt auch schon bei kleinen Kindern sind dies wichtige Erkenntnisse. So wissen wir aus vielen Studien, dass die ca. 3% der Kinder, die schon mit 3 Jahren gewalttätiges Verhalten zeigen, mit hoher Wahrscheinlichkeit später massive destruktive Verhaltensweisen entwickeln werden. Doch fast noch beunruhigender ist die Beobachtung, dass  aggressiv-destruktives Verhalten leider nicht mehr vornehmlich bei Kindern aus High-risk-Milieus beobachtet wird, sondern in beunruhigender Weise zunehmend ansteigend bei Kindern aus so genannten „normalen Verhältnissen“ bzw. bei anderen „Risikogruppen“ (z.B. bei Scheidungskindern, Kindern aus multikulturellen Familien etc.) zu beobachten ist.</p>
<p>Die Ergebnisse der Frankfurter Präventionsstudie stimmen mit anderen Studien überein: etwa 15% der Kindergartenkinder zeigen schon in diesem frühen Alter sozial auffälliges Verhalten. Vor diesem Hintergrund sind die Ergebnisse der repräsentativen Untersuchung hoch relevant: sowohl die Aggressivität, die Ängstlichkeit und die Hyperaktivität der Kinder nehmen durch das Präventionsprogramm – verglichen mit der Kontrollgruppe – statistisch signifikant ab (allerdings ist interessanterweise nur die Abnahme der Hyperaktivität bei Mädchen statistisch signifikant).</p>
<p>Erfreulicherweise ist es seit 2007 gelungen, zunächst durch die Unterstützung der Polytechnischen Gesellschaft, der Crespo Foundation, der Zinkann Stiftung, sowie der Stadt Frankfurt die Erkenntnisse der Studie in einer 2. Projektphase in weiteren 10 Kindertagesstätten umzusetzen. Die Kinderzentren bewerben sich um eine Teilnahme am Starthilfeprojekt und erhalten für zwei Jahre das folgende Angebot:</p>
<ul>
<li>Wöchentliche Unterstützungen durch pädagogisch-psychoanalytisch geschulte Projektmitarbeitende in den Einrichtungen selbst</li>
<li>Zusätzliche Professionalisierung des Kita-Teams durch 14-tägliche Supervisionen durch erfahrene, gut ausgebildete Supervisorinnen und Supervisoren</li>
<li>Unterstützung bei der Elternarbeit</li>
</ul>
<p>Das Projekt wird in Kooperation zwischen dem Sigmund-Freud-Institut und dem Anna-Freud-Institut durchgeführt. Seit 2017 finanziert die Stadt Frankfurt über den Betrieb Kita Frankfurt das Starthilfe-Projekt.</p>

<p>Starthilfe Ausführliche Projektbeschreibung Frühe Gewaltprävention, soziales Lernen sowie die Förderung der sozialen Integration von Kindern aus Randgruppen gehörten zu den Zielen der Frankfurter Präventionsstudie, die das Sigmund-Freud-Institut in Kooperation mit dem Anna-Freud-Institut Frankfurt und dem Städtischen Schulamt von 2003 bis 2006 in 14 Frankfurter Kindertagesstätten durchgeführt hat. Die Studie ging von neueren Ergebnissen der psychoanalytischen Entwicklungspsychologie, &hellip; </p>
<p class="link-more"><a href="https://sigmund-freud-institut.de/index.php/starthilfe/" class="more-link"><span class="screen-reader-text">„Starthilfe“</span> weiterlesen</a></p>
