{"id":89,"date":"2018-03-15T07:57:35","date_gmt":"2018-03-15T07:57:35","guid":{"rendered":"http:\/\/test.sigmund-freud-institut.de\/Wordpress\/?page_id=89"},"modified":"2026-04-07T16:19:31","modified_gmt":"2026-04-07T14:19:31","slug":"forschungsschwerpunkte","status":"publish","type":"page","link":"https:\/\/sigmund-freud-institut.de\/index.php\/forschung\/forschungsschwerpunkte\/","title":{"rendered":"Forschungsschwerpunkte"},"content":{"rendered":"<p><img decoding=\"async\" src=\"http:\/\/www.sigmund-freud-institut.de\/wp-content\/uploads\/union-jack-26119_1280-e1557401751941.png\" \/>\u00a0\u00a0\u00a0<strong>ENGLISH VERSION<\/strong><\/p>\n<p style=\"font-weight: 400;\">Die Forschungsaktivit\u00e4ten des Sigmund-Freud-Instituts gliedern sich in vier Forschungsschwerpunkte, in denen das Sigmund-Freud-Institut die einzigartige Tradition des Instituts aufnimmt und mit aktuellen Anforderungen an ein psychoanalytisches Forschungsinstitut verbindet.<\/p>\n<details>\n<summary><strong>Schwerpunkt I<\/strong>:<br \/>\n<em>Digitalisierung, Optimierung &amp; Nachhaltigkeit<\/em><\/summary>\n<h2 style=\"padding-left: 40px;\"><span style=\"color: #000080;\"><strong>Pilotstudie:<\/strong><\/span><\/h2>\n<p><strong>Gespr\u00e4che mit der KI<\/strong><\/p>\n<p><b>Leitung: <\/b>Dr. Katarina Busch<br \/>\n<b>Projektlaufzeit: <\/b>seit 12\/25<\/p>\n<p>Das Projekt widmet sich der Frage, auf welche Weise und mit welchen Erfahrungen Personen unterschiedliche Formen K\u00fcnstlicher Intelligenz (z.B. ChatGPT, Replika, Claude) f\u00fcr sich nutzen, in Verbindung mit ihren je individuellen Lebensgeschichten.<\/p>\n<p>&#8211;<\/p>\n<p style=\"padding-left: 40px;\"><a href=\"https:\/\/www.sigmund-freud-institut.de\/index.php\/schwerpunkt-i-abgeschlossene-projekte\/\" target=\"_blank\" rel=\"noopener\"><span style=\"color: #003366;\"><strong><span style=\"color: #003366;\"><span style=\"color: #000080;\">Abgeschlossene Projekte im Schwerpunkt I<\/span><\/span><\/strong><\/span><\/a><\/p>\n<p>&#8212;<\/p>\n<\/details>\n<details>\n<summary><strong>Schwerpunkt II<\/strong>:<br \/>\n<em>Psychosoziale Folgen von Migration und Flucht<\/em><\/summary>\n<p><strong><a href=\"https:\/\/www.sigmund-freud-institut.de\/wp-content\/uploads\/UeWA_Projektbeschreibung_engl._25.01.2024.pdf\"><span style=\"text-decoration: underline;\"><br \/>\n<\/span><\/a><a href=\"https:\/\/sigmund-freud-institut.de\/wp-content\/uploads\/UeWA_Projektbeschreibung_11.2024.pdf\">\u00dcbergangsr\u00e4ume des Weiter(an)kommens (\u00dcWA)<\/a><br \/>\nNachfolgeprojekt zu ZA und VTI<br \/>\n<\/strong><\/p>\n<p><strong>Projektleitung<\/strong>: Prof. Dr. Patrick Meurs<br \/>\n<strong>Wissenschaftliche MitarbeiterInnen<\/strong>: Dennis Sch\u00e4fer, Deniz \u00d6zkan, Ina Kuli\u0107<br \/>\n<strong>Gef\u00f6rdert durch<\/strong>: Hessisches Ministerium f\u00fcr Soziales und Integration<br \/>\n<strong>Projektlaufzeit<\/strong>: 04\/23 \u2013 03\/26<\/p>\n<p>&#8211;<\/p>\n<h2 style=\"padding-left: 40px;\"><span style=\"color: #000080;\"><strong>Praxisprojekte (Pr\u00e4vention, Begleitung und Beratung):<\/strong><\/span><\/h2>\n<p><strong><u><img loading=\"lazy\" decoding=\"async\" class=\"alignright wp-image-3678 size-thumbnail\" src=\"http:\/\/www.sigmund-freud-institut.de\/wp-content\/uploads\/PSV-Logo-002-150x82.gif\" alt=\"\" width=\"150\" height=\"82\" srcset=\"https:\/\/sigmund-freud-institut.de\/wp-content\/uploads\/PSV-Logo-002-150x82.gif 150w, https:\/\/sigmund-freud-institut.de\/wp-content\/uploads\/PSV-Logo-002-768x422.gif 768w\" sizes=\"auto, (max-width: 150px) 100vw, 150px\" \/><\/u><u><\/u><a href=\"https:\/\/www.sigmund-freud-institut.de\/wp-content\/uploads\/PSV_Projektbeschreibung_2024_DEU.pdf\" target=\"_blank\" rel=\"noopener\">Psychosozialer Verbund Rhein-Main (PSV)<\/a><\/strong><\/p>\n<p><strong>Projektleitung:<\/strong> Prof. Dr. Patrick Meurs<br \/>\n<strong>Projektkoordination:<\/strong> Sima Saligheh,<br \/>\n<strong>Projektmitarbeitende:<\/strong> Rieke Neupert, Corinna Poholski, Rana Zokai-Ries<br \/>\n<strong>Verbundpartner:<\/strong> <a href=\"https:\/\/www.anna-freud-institut.de\/ambulanz\" target=\"_blank\" rel=\"noopener noreferrer\">AFI<\/a><strong>, <\/strong><a href=\"https:\/\/evangelische-beratung.com\/migration-flucht\/\" target=\"_blank\" rel=\"noopener noreferrer\">ERV<\/a><strong>, <\/strong><a href=\"https:\/\/www.fatra-ev.de\/fluechtlinge\" target=\"_blank\" rel=\"noopener noreferrer\">FATRA<\/a><strong>, <\/strong><a href=\"https:\/\/fpi.de\/informationen-fuer-patienten\/international-clinic\" target=\"_blank\" rel=\"noopener noreferrer\">FPI<\/a><br \/>\n<strong>Gef\u00f6rdert durch<\/strong>: Hessisches Ministerium f\u00fcr Arbeit, Integration, Jugend und Soziales<br \/>\n<a href=\"https:\/\/www.psv-rhein-main.de\/\" target=\"_blank\" rel=\"noopener noreferrer\">www.psv-rhein-main.de<\/a><br \/>\n<strong>Projektlaufzeit<\/strong>: 01\/18 \u2013 12\/26<\/p>\n<p>&#8211;<\/p>\n<p style=\"padding-left: 40px;\"><a href=\"https:\/\/www.sigmund-freud-institut.de\/index.php\/schwerpunkt-ii-abgeschlossene-projekte\/\" target=\"_blank\" rel=\"noopener\"><span style=\"color: #003366;\"><strong><span style=\"color: #000080;\">Abgeschlossene Projekte im Schwerpunkt II<\/span><\/strong><\/span><\/a><\/p>\n<p>&#8212;<\/p>\n<\/details>\n<details>\n<summary><strong>Schwerpunkt III<\/strong>:<br \/>\n<em>Psychotherapie- und psychoanalytische Konzeptforschung<\/em><\/summary>\n<h2 style=\"padding-left: 40px;\"><span style=\"color: #000080;\"><b>Laufende Verbund- und Einzelprojekte:<\/b><\/span><\/h2>\n<p><strong><a href=\"http:\/\/www.sigmund-freud-institut.de\/index.php\/forschung\/forschungsschwerpunkte\/psychodynamische-kurztherapie-fuer-zwangspatienten\/\">\u00a0Psychodynamische Kurztherapie von\u00a0 Zwangserkrankungen<\/a><\/strong><\/p>\n<p><strong>Wissenschaftliche Leitung<\/strong>: Prof. Dr. Heinz Wei\u00df (SFI)<br \/>\n<strong>Wissenschaftliche Mitarbeiterinnen<\/strong>: Annabelle Starck u.a.<br \/>\n<strong>Forschungspartner<\/strong>: Universit\u00e4tsklinik Gie\u00dfen; Prof. Dr. Falk Leichsenring<br \/>\n<strong>Gef\u00f6rdert durch<\/strong>: Heidehof Stiftung GmbH, DGPT<br \/>\n<strong>Projektlaufzeit<\/strong>: bis 2026<\/p>\n<p>&#8211;<\/p>\n<p><span style=\"text-decoration: underline;\"><strong>Erg\u00e4nzungsprojekt zur psychodynamischen Fokaltherapie bei Patienten mit Zwangsst\u00f6rungen <\/strong><strong>mit dem Schwerpunkt fr\u00fche Traumatisierung und Einfluss der aktuellen Covid-19-Pandemie<\/strong><\/span><\/p>\n<p><strong>Wissenschaftliche Leitung<\/strong>: Prof. Dr. Heinz Wei\u00df (SFI)<br \/>\n<strong>Wissenschaftliche Mitarbeiterinnen<\/strong>: Annabelle Starck u.a.<br \/>\n<strong>Forschungspartner<\/strong>: Universit\u00e4tsklinik Gie\u00dfen; Prof. Dr. Falk Leichsenring<br \/>\n<strong>Gef\u00f6rdert durch<\/strong>: Heidehof Stiftung GmbH, DGPT<br \/>\n<strong>Projektlaufzeit: <\/strong>bis 2026<\/p>\n<p>&#8211;<\/p>\n<h2 style=\"padding-left: 40px;\"><span style=\"color: #000080;\"><strong>Pilotstudien:<\/strong><\/span><\/h2>\n<p><a href=\"https:\/\/idea-frankfurt.eu\/projekte\/bapas-bindungstrauma-bei-adoptiv-und-pflegekindern-eine-psychoanalytische-therapiestudie\/\" target=\"_blank\" rel=\"noopener\"><strong>Bindungstrauma bei Adoptiv- und Pflegekindern \u2013 Eine psychoanalytische Therapiestudie (BAPAS)<\/strong><\/a><\/p>\n<p><strong>Wissenschaftliche Leitung<\/strong>: Patrick Meurs (in Zusammenarbeit mit Judith Lebiger-Vogel, UAS)<br \/>\n<strong>Senior Scientist:<\/strong> Prof. Dr. Patrick Meurs<br \/>\n<strong>Wissenschaftliche MitarbeiteInnen<\/strong>: Dennis Sch\u00e4fer<br \/>\n<strong>Gef\u00f6rdert durch<\/strong>: IDeA<br \/>\n<strong>Projektlaufzeit<\/strong>: 07\/21 \u2013 04\/26<\/p>\n<p>Das BAPAS Projekt hat zum Ziel, mit Hilfe eines randomisierten Wartegruppen-Kontrolldesigns die Wirksamkeit eines psychoanalytischen Therapieangebots f\u00fcr multipel komplex traumatisierte Adoptiv- und Pflegekinder (Alter: 7-12 J.) und ihre Adoptiv- bzw. Pflegeeltern zu untersuchen. Als Teil des erweiterten Netzwerks dieser Kinder werden auch ihre Lehrkr\u00e4fte in die Intervention mit eingebunden.<\/p>\n<p>Derzeit befindet sich das BAPAS-Projekt in der Pilotphase. Die Hauptstudie soll ab 2026 erfolgen.<\/p>\n<p><a href=\"https:\/\/idea-frankfurt.eu\/projekte\/bapas-bindungstrauma-bei-adoptiv-und-pflegekindern-eine-psychoanalytische-therapiestudie\/\" target=\"_blank\" rel=\"noopener\">Weitere Informationen zum Projekt<\/a><\/p>\n<p>&#8211;<\/p>\n<p><a href=\"https:\/\/sigmund-freud-institut.de\/wp-content\/uploads\/ITAV-Projektbeschreibung_03.2026.pdf\" target=\"_blank\" rel=\"noopener\"><strong>\u201eITAV: It takes a village to raise a child\u201c- Familienbegleitung und Netzwerkberatung in psychoanalytische Behandlung komplex bindungstraumatisierter Adoptiv- und Pflegekinder<\/strong><\/a><\/p>\n<p><strong>Wissenschaftliche Leitung<\/strong>: Prof. Dr. Patrick Meurs<br \/>\n<strong>Wissenschaftliche MitarbeiteInnen<\/strong>: Dennis Sch\u00e4fer<br \/>\n<strong>Gef\u00f6rdert durch<\/strong>: Heidehof Stiftung<br \/>\n<strong>Projektlaufzeit<\/strong>: 02\/26 \u2013 01\/27<\/p>\n<p>Bei ITAV handelt es sich um systematische Eltern- und Netzwerkarbeit als Erg\u00e4nzung einer psychodynamischen Behandlung bindungstraumatisierter Adoptiv- und Pflegekinder, die im Rahmen des Projekts<strong> BAPAS<\/strong> pilotiert wird. \u00dcber die S\u00e4ulen Familienberatung, Netzwerkbegleitung und Netzwerkkoordination werden hochbelastete Adoptiv- und Pflegeeltern sowie p\u00e4dagogische Fachkr\u00e4fte beratend begleitet. Ziel ist es, die Zusammenarbeit im Umfeld der Kinder zu verbessern, um stabile und entlastende Unterst\u00fctzungsstrukturen f\u00fcr die gesamte (Pflege-\/Adoptiv-)Familie zu etablieren.<\/p>\n<h2 style=\"padding-left: 40px;\"><span style=\"color: #000080;\"><strong>Praxisprojekte (Pr\u00e4vention, Begleitung und Beratung):<\/strong><\/span><\/h2>\n<p><strong><a href=\"http:\/\/www.sigmund-freud-institut.de\/index.php\/forschung\/forschungsschwerpunkte\/starthilfe\/\">STARTHILFE <\/a>\u2013<a href=\"http:\/\/www.sigmund-freud-institut.de\/index.php\/forschung\/forschungsschwerpunkte\/starthilfe\/\"> Folgeprojekt der Frankfurter Pr\u00e4ventionsstudie in Kinderg\u00e4rten zur Verhinderung von psychosozialer Desintegration<\/a><\/strong><\/p>\n<p><strong>Wissenschaftliche Leitung<\/strong>: Prof. Dr. Patrick Meurs (SFI &amp; Univ. Kassel) in Kooperation mit dem Anna-Freud-Institut<br \/>\n<strong>Gef\u00f6rdert durch<\/strong>: Stadt Frankfurt<br \/>\n<strong>Projektlaufzeit<\/strong>: (laufend)<\/p>\n<p>&#8211;<\/p>\n<p style=\"padding-left: 40px;\"><span style=\"color: #000080;\"><a style=\"color: #000080;\" href=\"https:\/\/www.sigmund-freud-institut.de\/index.php\/schwerpunkt-iii-abgeschlossene-projekte\/\" target=\"_blank\" rel=\"noopener\"><strong>Abgeschlossene Projekte im Schwerpunkt III<\/strong><\/a><\/span><\/p>\n<p>&#8212;<\/p>\n<\/details>\n<details>\n<summary><strong>Schwerpunkt IV<\/strong>:<br \/>\n<em>Autoritarismus, Antisemitismus &amp; Folgen der NS-Zeit<\/em><\/summary>\n<h2 style=\"padding-left: 40px;\"><span style=\"color: #000080;\"><b>Laufende Verbund- und Einzelprojekte:<\/b><\/span><\/h2>\n<p>Hessischer Forschungsverbund:<strong><em> <a href=\"https:\/\/aktuelles.uni-frankfurt.de\/gesellschaft\/starke-demokratie-durch-starke-forschung-hessens-neuer-forschungsverbund\/\" target=\"_blank\" rel=\"noopener\">Herausforderungen der Demokratie in Zeiten ihrer Regression: Zeiten, R\u00e4ume und Diskurse (DemoReg)<\/a><\/em><\/strong><\/p>\n<p><strong>Sprecherin<\/strong> Prof. Dr. Ursula Birsl (Philipps-Univ. Marburg); <strong>Spreche<\/strong>r Prof. Dr. Thomas Biebricher (Goethe Univ. Frankfurt\/Normative Orders)<br \/>\n<strong>Beteiligte Institutionen:<\/strong> Philipps-Universit\u00e4t Marburg (UMR); Goethe-Universit\u00e4t Frankfurt am Main (G-U) mit dem Forschungszentrum \u201aNormative Orders\u2018, Universit\u00e4t Kassel (UK), Technische Universit\u00e4t Darmstadt (TUDa), Frankfurt University of Applied Sciences (FRA-UAS), Hochschule Darmstadt (HDA), Institut f\u00fcr Sozialforschung Frankfurt am Main (IfS), Sigmund-Freud-Institut Frankfurt am Main (SFI)<br \/>\n<strong>Gef\u00f6rdert<\/strong> vom Hessischen Ministerium f\u00fcr Wissenschaft und Kunst (HMWK) im Rahmen des F\u00f6rderprogramms &#8222;St\u00e4rkung der Demokratieforschung Hessen&#8220;<br \/>\n<strong><em>Principal Investigator<\/em> f\u00fcr das Sigmund-Freud-Institut:<\/strong> Prof. Dr. Vera King<br \/>\n<strong>Laufzeit:<\/strong> 09\/2025 \u2013 12\/2028<\/p>\n<p>&#8211;<\/p>\n<p>Teilprojekt IfS &amp; SFI im Kontext von <em>DemoReg<\/em>: <strong>Demokratisierung gegen Widerst\u00e4nde. Zur Geschichte der Demokratieforschung an IfS und SFI<\/strong><\/p>\n<p><strong>Leitung\/Principal Investigators<\/strong>: Prof. Vera King (SFI) und Prof. Stephan Lessenich (IfS)<br \/>\n<strong>Studentische Mitarbeiter:innen<\/strong>: Pia Goldschmitt (SFI) und Joshua Lefort (IfS)<br \/>\n&#8211; mit Unterst\u00fctzung von Enrico Floris, Hendrik Burmeister (SFI-Bibliothek) und Maischa Gelhard (IfS-Archiv)<br \/>\n<strong>Laufzeit:<\/strong> seit 11\/2025<\/p>\n<p>Im Rahmen des Forschungsverbunds DemoReg wird im Teilprojekt \u201eDemokratisierung gegen Widerst\u00e4nde\u201c der Frage nachgegangen, wie Institut f\u00fcr Sozialforschung (IfS) und Sigmund-Freud-Institut (SFI) die Erfahrungen des Nationalsozialismus als Ausgangspunkte ihrer wissenschaftlichen T\u00e4tigkeit in der Nachkriegszeit gestaltet haben. Die Gr\u00fcndung bzw. Neugr\u00fcndung beider au\u00dferuniversit\u00e4rer Frankfurter Einrichtungen zielte nicht zuletzt auf demokratiepolitische Erkenntnisse und Interventionsans\u00e4tze. Vor dem Hintergrund gegenw\u00e4rtiger Tendenzen zur Demokratiegef\u00e4hrdung wird diese wenig reflektierte Dimension der Geschichte beider Institutionen \u2013 schwerpunktm\u00e4\u00dfig f\u00fcr die 1950er- und 60er- (IfS) bzw. 1960er- und 70er-Jahre (SFI) \u2013 auf ihren Aktualit\u00e4tsgehalt hin gepr\u00fcft. Dabei gilt den Schnittstellen von Kritischer Theorie und Psychoanalyse sowie der jeweiligen Praxis \u201e\u00f6ffentlicher Wissenschaft\u201c im Kontext von Demokratieforschung ein besonderes Augenmerk.<\/p>\n<p>&#8211;<\/p>\n<p><a href=\"https:\/\/sigmund-freud-institut.de\/wp-content\/uploads\/Destruktivitaet_Autoritarismus_Digital.pdf\" target=\"_blank\" rel=\"noopener\"><strong>Destruktivit\u00e4t im zeitgen\u00f6ssischen Autoritarismus. Eine Neuvermessung autorit\u00e4rer Syndrome im Kontext digitaler Medien<\/strong><\/a><\/p>\n<p>DFG-Doppelprojekt Sigmund-Freud-Institut (SFI) &amp; Institut f\u00fcr Sozialforschung (IfS) Frankfurt\/M.<br \/>\n<strong>Leitung:<\/strong> Prof. Dr. Vera King &amp; Prof. Dr. Ferdinand Sutterl\u00fcty<br \/>\n<strong>Wissenschaftliche MitarbeiterInnen:<\/strong> Adrian Otto (SFI) &amp; Lisa Pfeifer (IfS)<br \/>\n<strong>Gef\u00f6rdert durch:<\/strong> Deutsche Forschungsgemeinschaft (DFG)<br \/>\n<strong>Projektlaufzeit:<\/strong> 07\/23 \u2013 12\/26<\/p>\n<p>&#8211;<\/p>\n<p><strong><br \/>\n<a href=\"https:\/\/www.sigmund-freud-institut.de\/index.php\/antisemitismuserfahrung-in-der-dritten-generation\/\">Antisemitismuserfahrung in der Dritten Generation.\u00a0Zur Reaktualisierung extremen Traumas bei Nachkommen von \u00dcberlebenden der Shoah\u00a0<\/a><br \/>\n<\/strong><\/p>\n<p><strong>Koordination des interdisziplin\u00e4ren Forschungsverbunds<\/strong>: Dr. Kurt Gr\u00fcnberg<br \/>\n<strong>Wissenschaftliche MitarbeiterInnen<\/strong>: Simon E. Arnold<br \/>\n<strong>Wissenschaftliche Beratung<\/strong>: Prof. Dr. Patrick Meurs<br \/>\n<strong>Verbundpartnerinnen<\/strong>: Prof. Dr. Dr. h.c. Monika Schwarz-Friesel (TU Berlin), Prof. Dr. Sarah Yvonne Brandl (KatHO NRW)<br \/>\n<strong>Projektlaufzeit<\/strong>: 08\/21 \u2013 04\/26<\/p>\n<p>&#8211;<\/p>\n<p><strong>Forschungsnetzwerk<\/strong><\/p>\n<p><strong><a href=\"https:\/\/www.forschungskolleg-humanwissenschaften.de\/index.php\/democratic-vistas\">Democratic Vistas: Reflections on the Atlantic World<\/a><br \/>\n<\/strong>Neuer Forschungsschwerpunkt am Forschungskolleg Humanwissenschaften Bad Homburg<br \/>\n<strong>Leitung<\/strong>: Prof. Dr. G\u00fcnter Hellmann und Prof. Dr. Johannes V\u00f6lz (Goethe-Univ.)<\/p>\n<p>\u00bbDemocratic Vistas\u00ab bringt eine interdisziplin\u00e4re Gruppe von Wissenschaftler*innen der Goethe-Universit\u00e4t sowie internationale und regionale Partner aus den Feldern Geschichte, Internationale Beziehungen, Recht, Literatur, Medienwissenschaft, Philosophie, politische Theorie, Religionswissenschaft, Sozialpsychologie und Soziologie zusammen.<br \/>\nThemen: Spielarten demokratischer Erfahrung, atlantische Demokratie im Anthropoz\u00e4n, digitale \u00d6ffentlichkeiten an den Grenzen der Demokratie, Demokratie und Ungleichheit<br \/>\n<strong>Teilnehmerin f\u00fcr die Sozialpsychologie:<\/strong> Prof. Dr. Vera King<br \/>\n<strong>Laufzeit:<\/strong> ab 2021<\/p>\n<p>&#8211;<\/p>\n<p style=\"padding-left: 40px;\"><a href=\"https:\/\/www.sigmund-freud-institut.de\/index.php\/schwerpunkt-iv-abgeschlossene-projekte\/\" target=\"_blank\" rel=\"noopener\"><span style=\"color: #003366;\"><strong><span style=\"color: #000080;\">Abgeschlossene Projekte im Schwerpunkt IV<\/span><\/strong><\/span><\/a><\/p>\n<p>&#8212;<\/p>\n<\/details>\n","protected":false},"excerpt":{"rendered":"<p>\u00a0\u00a0\u00a0ENGLISH VERSION Die Forschungsaktivit\u00e4ten des Sigmund-Freud-Instituts gliedern sich in vier Forschungsschwerpunkte, in denen das Sigmund-Freud-Institut die einzigartige Tradition des Instituts aufnimmt und mit aktuellen Anforderungen an ein psychoanalytisches Forschungsinstitut verbindet. Schwerpunkt I: Digitalisierung, Optimierung &amp; Nachhaltigkeit Pilotstudie: Gespr\u00e4che mit der KI Leitung: Dr. Katarina Busch Projektlaufzeit: seit 12\/25 Das Projekt widmet sich der Frage, auf &hellip; <\/p>\n<p class=\"link-more\"><a href=\"https:\/\/sigmund-freud-institut.de\/index.php\/forschung\/forschungsschwerpunkte\/\" class=\"more-link\"><span class=\"screen-reader-text\">\u201eForschungsschwerpunkte\u201c<\/span> weiterlesen<\/a><\/p>\n","protected":false},"author":1,"featured_media":0,"parent":33,"menu_order":28,"comment_status":"closed","ping_status":"closed","template":"","meta":{"footnotes":""},"class_list":["post-89","page","type-page","status-publish","hentry"],"_links":{"self":[{"href":"https:\/\/sigmund-freud-institut.de\/index.php\/wp-json\/wp\/v2\/pages\/89","targetHints":{"allow":["GET"]}}],"collection":[{"href":"https:\/\/sigmund-freud-institut.de\/index.php\/wp-json\/wp\/v2\/pages"}],"about":[{"href":"https:\/\/sigmund-freud-institut.de\/index.php\/wp-json\/wp\/v2\/types\/page"}],"author":[{"embeddable":true,"href":"https:\/\/sigmund-freud-institut.de\/index.php\/wp-json\/wp\/v2\/users\/1"}],"replies":[{"embeddable":true,"href":"https:\/\/sigmund-freud-institut.de\/index.php\/wp-json\/wp\/v2\/comments?post=89"}],"version-history":[{"count":85,"href":"https:\/\/sigmund-freud-institut.de\/index.php\/wp-json\/wp\/v2\/pages\/89\/revisions"}],"predecessor-version":[{"id":16173,"href":"https:\/\/sigmund-freud-institut.de\/index.php\/wp-json\/wp\/v2\/pages\/89\/revisions\/16173"}],"up":[{"embeddable":true,"href":"https:\/\/sigmund-freud-institut.de\/index.php\/wp-json\/wp\/v2\/pages\/33"}],"wp:attachment":[{"href":"https:\/\/sigmund-freud-institut.de\/index.php\/wp-json\/wp\/v2\/media?parent=89"}],"curies":[{"name":"wp","href":"https:\/\/api.w.org\/{rel}","templated":true}]}}