{"id":94,"date":"2018-03-15T08:00:13","date_gmt":"2018-03-15T08:00:13","guid":{"rendered":"http:\/\/test.sigmund-freud-institut.de\/Wordpress\/?page_id=94"},"modified":"2024-08-27T12:49:22","modified_gmt":"2024-08-27T10:49:22","slug":"die-geschichte","status":"publish","type":"page","link":"https:\/\/sigmund-freud-institut.de\/index.php\/institut\/die-geschichte\/","title":{"rendered":"Geschichte"},"content":{"rendered":"<div class=\"csc-textpic csc-textpic-left csc-textpic-above\">\n<p><img decoding=\"async\" src=\"http:\/\/www.sigmund-freud-institut.de\/wp-content\/uploads\/union-jack-26119_1280-e1557401751941.png\" \/> <a href=\"http:\/\/www.sigmund-freud-institut.de\/index.php\/institut\/die-geschichte\/geschichte-english-version\/\" target=\"_blank\" rel=\"noopener noreferrer\"><strong>ENGLISH VERSION<\/strong><\/a><\/p>\n<h2 class=\"csc-textpic-imagewrap\"><span style=\"font-size: 1rem;\">Freud und Frankfurt<\/span><\/h2>\n<div><\/div>\n<\/div>\n<div id=\"gheader\">\n<h1>Die Geschichte und Entwicklung des Sigmund-Freud-Instituts<\/h1>\n<\/div>\n<p>Die von Sigmund Freud vor mehr als 100 Jahren begr\u00fcndete Psychoanalyse ist mit der Stadt Frankfurt am Main traditionell eng verbunden. Hier gr\u00fcndete eine Gruppe von Psychiatern und Psychologen, darunter Erich Fromm, Klara Happel, Karl Landauer, Heinrich Meng, Frieda Fromm-Reichmann, Ewald Roellenbleck und Franz Stein, im Jahr 1926 die psychoanalytische Arbeitsgruppe \u201eS\u00fcdwestdeutsche Arbeitsgemeinschaft\u201c. Daraus ging zwei Jahre sp\u00e4ter das Frankfurter Psychoanalytische Institut (FPI) hervor. Die Wissenschaft vom Unbewussten der menschlichen Psyche erlebte in Frankfurt jedoch nur eine kurze Bl\u00fctezeit, deren H\u00f6hepunkt die Verleihung des Goethepreises an Freud im Jahr 1930 bildete. Nach der Machtergreifung durch die Nationalsozialisten sah sich das FPI gezwungen, seine T\u00e4tigkeit 1933 einzustellen. Die zumeist j\u00fcdischen Psychoanalytiker mussten emigrieren.<\/p>\n<div class=\"csc-textpic csc-textpic-center csc-textpic-below\">\n<div class=\"csc-textpic-imagewrap\">\n<dl class=\"csc-textpic-image csc-textpic-firstcol\">\n<dt>\n<figure id=\"attachment_1340\" aria-describedby=\"caption-attachment-1340\" style=\"width: 84px\" class=\"wp-caption alignleft\"><img loading=\"lazy\" decoding=\"async\" class=\"wp-image-1340 size-full\" src=\"http:\/\/www.sigmund-freud-institut.de\/wp-content\/uploads\/pic-6.jpg\" alt=\"\" width=\"84\" height=\"123\" \/><figcaption id=\"caption-attachment-1340\" class=\"wp-caption-text\"><strong> Sigmund Heinz Fuchs <\/strong><\/figcaption><\/figure>\n<figure id=\"attachment_1341\" aria-describedby=\"caption-attachment-1341\" style=\"width: 84px\" class=\"wp-caption alignleft\"><img loading=\"lazy\" decoding=\"async\" class=\"wp-image-1341 size-full\" src=\"http:\/\/www.sigmund-freud-institut.de\/wp-content\/uploads\/pic-7.jpg\" alt=\"\" width=\"84\" height=\"123\" \/><figcaption id=\"caption-attachment-1341\" class=\"wp-caption-text\"><strong> Heinrich Meng <\/strong><\/figcaption><\/figure>\n<figure id=\"attachment_1343\" aria-describedby=\"caption-attachment-1343\" style=\"width: 84px\" class=\"wp-caption alignleft\"><img loading=\"lazy\" decoding=\"async\" class=\"wp-image-1343 size-full\" src=\"http:\/\/www.sigmund-freud-institut.de\/wp-content\/uploads\/pic-9.jpg\" alt=\"\" width=\"84\" height=\"123\" \/><figcaption id=\"caption-attachment-1343\" class=\"wp-caption-text\"><strong> Karl Landauer <\/strong><\/figcaption><\/figure>\n<figure id=\"attachment_1344\" aria-describedby=\"caption-attachment-1344\" style=\"width: 84px\" class=\"wp-caption alignleft\"><img loading=\"lazy\" decoding=\"async\" class=\"wp-image-1344 size-full\" src=\"http:\/\/www.sigmund-freud-institut.de\/wp-content\/uploads\/pic-10.jpg\" alt=\"\" width=\"84\" height=\"123\" \/><figcaption id=\"caption-attachment-1344\" class=\"wp-caption-text\"><strong> Erich Fromm <\/strong><\/figcaption><\/figure>\n<p><figure id=\"attachment_1345\" aria-describedby=\"caption-attachment-1345\" style=\"width: 84px\" class=\"wp-caption alignleft\"><img loading=\"lazy\" decoding=\"async\" class=\"wp-image-1345 size-full\" src=\"http:\/\/www.sigmund-freud-institut.de\/wp-content\/uploads\/pic-11.jpg\" alt=\"\" width=\"84\" height=\"123\" \/><figcaption id=\"caption-attachment-1345\" class=\"wp-caption-text\"><strong> Frieda Fromm Reichmann <\/strong><\/figcaption><\/figure><\/dt>\n<\/dl>\n<\/div>\n<\/div>\n<div class=\"csc-textpic-clear\"><\/div>\n<div class=\"csc-header csc-header-n8\">\n<h3>R\u00fcckkehr der Psychoanalyse<\/h3>\n<\/div>\n<figure id=\"attachment_1346\" aria-describedby=\"caption-attachment-1346\" style=\"width: 128px\" class=\"wp-caption alignright\"><img loading=\"lazy\" decoding=\"async\" class=\"wp-image-1346 size-full\" src=\"http:\/\/www.sigmund-freud-institut.de\/wp-content\/uploads\/pic-12.jpg\" alt=\"\" width=\"128\" height=\"122\" \/><figcaption id=\"caption-attachment-1346\" class=\"wp-caption-text\"><strong> Max Horkheimer<\/strong><\/figcaption><\/figure>\n<p>Es dauerte fast ein Vierteljahrhundert, bis die Psychoanalyse nach Frankfurt zur\u00fcckkehrte. Wichtige Impulse hierzu gingen von einer gro\u00dfen akademischen Feier anl\u00e4sslich des 100. Geburtstags Sigmund Freuds im Jahr 1956 aus. Die Philosophen Theodor W. Adorno und Max Horkheimer organisierten\u00a0gemeinsam mit dem Psychoanalytiker Alexander Mitscherlich eine Vortragsreihe \u00fcber Psychoanalyse mit international renommierten Vortragenden in Frankfurt und Heidelberg.<\/p>\n<div class=\"csc-textpic csc-textpic-intext-right\">\n<div class=\"csc-textpic-text\">\n<h3>Institutsgr\u00fcndung<\/h3>\n<\/div>\n<\/div>\n<p class=\"csc-header csc-header-n10\">Am 27. April 1960 wurde das auf Anregung von Theodor W. Adorno, Max Horkheimer und Georg August Zinn, dem damaligen hessischen Ministerpr\u00e4sidenten, 1959 gegr\u00fcndete Institut und Ausbildungszentrum f\u00fcr Psychoanalyse und Psychosomatik feierlich er\u00f6ffnet. Es war das erste und einzige seiner Art in Deutschland und sollte neben Forschungsaktivit\u00e4ten k\u00fcnftig auch \u00c4rzte und Psychologen zu Psychoanalytikern ausbilden. \u201eEine neue psychoanalytische \u00c4ra in Deutschland beginnt\u201c\u2009\u2013 so die Worte von Sigmund Freuds Tochter Anna anl\u00e4sslich der Er\u00f6ffnung. Erster Institutsdirektor wurde Alexander Mitscherlich, der in einer neuartigen Weise die Untersuchung des Unbewussten mit der Sozialpsychologie verband.<\/p>\n<h3 class=\"csc-header csc-header-n10\">Entwicklung und Ver\u00e4nderungen des SFI<\/h3>\n<p class=\"csc-header csc-header-n10\">Unter Alexander Mitscherlichs Leitung von 1960 bis 1976 wurde das Institut, das 1964 in Sigmund-Freud-Institut (SFI) umbenannt wurde, zum wichtigsten Ausbildungszentrum f\u00fcr Psychoanalytiker in Deutschland. Auch international erlangte es bald Anerkennung. In den folgenden zwei Jahrzehnten leistete das SFI einen wichtigen Beitrag zur Aufarbeitung der nationalsozialistischen Vergangenheit und zur Demokratisierung in Nachkriegsdeutschland.<\/p>\n<p class=\"csc-header csc-header-n10\">Nach Mitscherlichs Ausscheiden im Jahr 1976 \u00fcbernahm Clemens de Boor die Leitung von 1976 bis 1983, dann von 1983 bis 1985 (kommisarisch) Hermann Argelander und anschlie\u00dfend Dieter Ohlmeier von 1985 bis 1992. W\u00e4hrend der folgenden Dekade, in der das Institut eine neue Rechtsform erlangte, \u00a0leitete Horst-Eberhard Richter das Institut. Ab 2002 \u00fcbernahmen Marianne Leuzinger-Bohleber und (ab 2004) Rolf Haubl gemeinsam die Leitung bis 2016, \u00fcberdies begann Heinz Wei\u00df 2012 als Leiter des medizinischen Schwerpunkts.<\/p>\n<p class=\"csc-header csc-header-n10\">Seit 2016 wird das Sigmund-Freud-Institut geleitet von Vera King (Direktorin des SFI im Rahmen einer Kooperationsprofessur f\u00fcr Soziologie und psychoanalytische Sozialpsychologie an der Goethe-Universit\u00e4t Frankfurt), Patrick Meurs (Direktor des SFI im Rahmen einer Kooperationsprofessur f\u00fcr Psychoanalyse an der Universit\u00e4t Kassel) sowie Heinz Wei\u00df (Chefarzt am RBK Stuttgart) als Leiter des medizinischen Schwerpunkts und der Ambulanz des SFI.<\/p>\n<p class=\"csc-header csc-header-n10\">Bereits 1995 ist das SFI in eine Stiftung des \u00f6ffentlichen Rechts umgewandelt worden, um sich in enger Zusammenarbeit mit der Frankfurter Goethe-Universit\u00e4t und der Universit\u00e4t Kassel ausschlie\u00dflich der Forschung zu widmen. Die psychoanalytische Ausbildung erfolgt seitdem im Rahmen der eigenst\u00e4ndigen Frankfurter psychoanalytischen (Ausbildungs-)Institute.<\/p>\n<p class=\"csc-header csc-header-n10\">Mittelgeber der das SFI tragenden Stiftung ist das Land Hessen. <a href=\"https:\/\/sigmund-freud-institut.de\/index.php\/institut\/aufgaben\/\">Aufgaben des Instituts<\/a> sind Forschung in den Bereichen Sozialpsychologie\/Soziologie, Psychologie und Medizin\/Psychosomatik sowie die F\u00f6rderung des wissenschaftlichen Nachwuchses.<\/p>\n<p class=\"csc-header csc-header-n10\">Im Institut wurden und werden zahlreiche psychoanalytisch, klinisch und\/oder sozialpsychologisch ausgerichtete sowie transdisziplin\u00e4re Forschungsprojekte initiiert und realisiert. Untersucht werden psychische Folgen gesellschaftlichen Wandels, aber auch die Grundlagen der Psychoanalyse oder Pr\u00e4ventions- und Psychotherapieforschung &#8211; \u00a0zu psychoanalytischen und sozialpsychologischen Analysen der Gegenwart, etwa von Digitalisierungs- und Beschleunigungsfolgen, Migration und Flucht oder transgenerationaler Weitergabe von Traumata, Ver\u00e4nderungen von Familien und Eltern-Kind-Beziehungen. Weitere Informationen finden Sie im Bereich <a href=\"https:\/\/sigmund-freud-institut.de\/index.php\/forschung\/\">Forschung<\/a>.<\/p>\n","protected":false},"excerpt":{"rendered":"<p>ENGLISH VERSION Freud und Frankfurt Die Geschichte und Entwicklung des Sigmund-Freud-Instituts Die von Sigmund Freud vor mehr als 100 Jahren begr\u00fcndete Psychoanalyse ist mit der Stadt Frankfurt am Main traditionell eng verbunden. Hier gr\u00fcndete eine Gruppe von Psychiatern und Psychologen, darunter Erich Fromm, Klara Happel, Karl Landauer, Heinrich Meng, Frieda Fromm-Reichmann, Ewald Roellenbleck und Franz &hellip; <\/p>\n<p class=\"link-more\"><a href=\"https:\/\/sigmund-freud-institut.de\/index.php\/institut\/die-geschichte\/\" class=\"more-link\"><span class=\"screen-reader-text\">\u201eGeschichte\u201c<\/span> weiterlesen<\/a><\/p>\n","protected":false},"author":1,"featured_media":0,"parent":28,"menu_order":149,"comment_status":"closed","ping_status":"closed","template":"","meta":{"footnotes":""},"class_list":["post-94","page","type-page","status-publish","hentry"],"_links":{"self":[{"href":"https:\/\/sigmund-freud-institut.de\/index.php\/wp-json\/wp\/v2\/pages\/94","targetHints":{"allow":["GET"]}}],"collection":[{"href":"https:\/\/sigmund-freud-institut.de\/index.php\/wp-json\/wp\/v2\/pages"}],"about":[{"href":"https:\/\/sigmund-freud-institut.de\/index.php\/wp-json\/wp\/v2\/types\/page"}],"author":[{"embeddable":true,"href":"https:\/\/sigmund-freud-institut.de\/index.php\/wp-json\/wp\/v2\/users\/1"}],"replies":[{"embeddable":true,"href":"https:\/\/sigmund-freud-institut.de\/index.php\/wp-json\/wp\/v2\/comments?post=94"}],"version-history":[{"count":2,"href":"https:\/\/sigmund-freud-institut.de\/index.php\/wp-json\/wp\/v2\/pages\/94\/revisions"}],"predecessor-version":[{"id":13751,"href":"https:\/\/sigmund-freud-institut.de\/index.php\/wp-json\/wp\/v2\/pages\/94\/revisions\/13751"}],"up":[{"embeddable":true,"href":"https:\/\/sigmund-freud-institut.de\/index.php\/wp-json\/wp\/v2\/pages\/28"}],"wp:attachment":[{"href":"https:\/\/sigmund-freud-institut.de\/index.php\/wp-json\/wp\/v2\/media?parent=94"}],"curies":[{"name":"wp","href":"https:\/\/api.w.org\/{rel}","templated":true}]}}

<div class="csc-textpic csc-textpic-left csc-textpic-above">
<p><img decoding="async" src="http://www.sigmund-freud-institut.de/wp-content/uploads/union-jack-26119_1280-e1557401751941.png" /> <a href="http://www.sigmund-freud-institut.de/index.php/institut/die-geschichte/geschichte-english-version/" target="_blank" rel="noopener noreferrer"><strong>ENGLISH VERSION</strong></a></p>
<h2 class="csc-textpic-imagewrap"><span style="font-size: 1rem;">Freud und Frankfurt</span></h2>
<div></div>
</div>
<div id="gheader">
<h1>Die Geschichte und Entwicklung des Sigmund-Freud-Instituts</h1>
</div>
<p>Die von Sigmund Freud vor mehr als 100 Jahren begründete Psychoanalyse ist mit der Stadt Frankfurt am Main traditionell eng verbunden. Hier gründete eine Gruppe von Psychiatern und Psychologen, darunter Erich Fromm, Klara Happel, Karl Landauer, Heinrich Meng, Frieda Fromm-Reichmann, Ewald Roellenbleck und Franz Stein, im Jahr 1926 die psychoanalytische Arbeitsgruppe „Südwestdeutsche Arbeitsgemeinschaft“. Daraus ging zwei Jahre später das Frankfurter Psychoanalytische Institut (FPI) hervor. Die Wissenschaft vom Unbewussten der menschlichen Psyche erlebte in Frankfurt jedoch nur eine kurze Blütezeit, deren Höhepunkt die Verleihung des Goethepreises an Freud im Jahr 1930 bildete. Nach der Machtergreifung durch die Nationalsozialisten sah sich das FPI gezwungen, seine Tätigkeit 1933 einzustellen. Die zumeist jüdischen Psychoanalytiker mussten emigrieren.</p>
<div class="csc-textpic csc-textpic-center csc-textpic-below">
<div class="csc-textpic-imagewrap">
<dl class="csc-textpic-image csc-textpic-firstcol">
<dt>
<figure id="attachment_1340" aria-describedby="caption-attachment-1340" style="width: 84px" class="wp-caption alignleft"><img loading="lazy" decoding="async" class="wp-image-1340 size-full" src="http://www.sigmund-freud-institut.de/wp-content/uploads/pic-6.jpg" alt="" width="84" height="123" /><figcaption id="caption-attachment-1340" class="wp-caption-text"><strong> Sigmund Heinz Fuchs </strong></figcaption></figure>
<figure id="attachment_1341" aria-describedby="caption-attachment-1341" style="width: 84px" class="wp-caption alignleft"><img loading="lazy" decoding="async" class="wp-image-1341 size-full" src="http://www.sigmund-freud-institut.de/wp-content/uploads/pic-7.jpg" alt="" width="84" height="123" /><figcaption id="caption-attachment-1341" class="wp-caption-text"><strong> Heinrich Meng </strong></figcaption></figure>
<figure id="attachment_1343" aria-describedby="caption-attachment-1343" style="width: 84px" class="wp-caption alignleft"><img loading="lazy" decoding="async" class="wp-image-1343 size-full" src="http://www.sigmund-freud-institut.de/wp-content/uploads/pic-9.jpg" alt="" width="84" height="123" /><figcaption id="caption-attachment-1343" class="wp-caption-text"><strong> Karl Landauer </strong></figcaption></figure>
<figure id="attachment_1344" aria-describedby="caption-attachment-1344" style="width: 84px" class="wp-caption alignleft"><img loading="lazy" decoding="async" class="wp-image-1344 size-full" src="http://www.sigmund-freud-institut.de/wp-content/uploads/pic-10.jpg" alt="" width="84" height="123" /><figcaption id="caption-attachment-1344" class="wp-caption-text"><strong> Erich Fromm </strong></figcaption></figure>
<p><figure id="attachment_1345" aria-describedby="caption-attachment-1345" style="width: 84px" class="wp-caption alignleft"><img loading="lazy" decoding="async" class="wp-image-1345 size-full" src="http://www.sigmund-freud-institut.de/wp-content/uploads/pic-11.jpg" alt="" width="84" height="123" /><figcaption id="caption-attachment-1345" class="wp-caption-text"><strong> Frieda Fromm Reichmann </strong></figcaption></figure></dt>
</dl>
</div>
</div>
<div class="csc-textpic-clear"></div>
<div class="csc-header csc-header-n8">
<h3>Rückkehr der Psychoanalyse</h3>
</div>
<figure id="attachment_1346" aria-describedby="caption-attachment-1346" style="width: 128px" class="wp-caption alignright"><img loading="lazy" decoding="async" class="wp-image-1346 size-full" src="http://www.sigmund-freud-institut.de/wp-content/uploads/pic-12.jpg" alt="" width="128" height="122" /><figcaption id="caption-attachment-1346" class="wp-caption-text"><strong> Max Horkheimer</strong></figcaption></figure>
<p>Es dauerte fast ein Vierteljahrhundert, bis die Psychoanalyse nach Frankfurt zurückkehrte. Wichtige Impulse hierzu gingen von einer großen akademischen Feier anlässlich des 100. Geburtstags Sigmund Freuds im Jahr 1956 aus. Die Philosophen Theodor W. Adorno und Max Horkheimer organisierten gemeinsam mit dem Psychoanalytiker Alexander Mitscherlich eine Vortragsreihe über Psychoanalyse mit international renommierten Vortragenden in Frankfurt und Heidelberg.</p>
<div class="csc-textpic csc-textpic-intext-right">
<div class="csc-textpic-text">
<h3>Institutsgründung</h3>
</div>
</div>
<p class="csc-header csc-header-n10">Am 27. April 1960 wurde das auf Anregung von Theodor W. Adorno, Max Horkheimer und Georg August Zinn, dem damaligen hessischen Ministerpräsidenten, 1959 gegründete Institut und Ausbildungszentrum für Psychoanalyse und Psychosomatik feierlich eröffnet. Es war das erste und einzige seiner Art in Deutschland und sollte neben Forschungsaktivitäten künftig auch Ärzte und Psychologen zu Psychoanalytikern ausbilden. „Eine neue psychoanalytische Ära in Deutschland beginnt“ – so die Worte von Sigmund Freuds Tochter Anna anlässlich der Eröffnung. Erster Institutsdirektor wurde Alexander Mitscherlich, der in einer neuartigen Weise die Untersuchung des Unbewussten mit der Sozialpsychologie verband.</p>
<h3 class="csc-header csc-header-n10">Entwicklung und Veränderungen des SFI</h3>
<p class="csc-header csc-header-n10">Unter Alexander Mitscherlichs Leitung von 1960 bis 1976 wurde das Institut, das 1964 in Sigmund-Freud-Institut (SFI) umbenannt wurde, zum wichtigsten Ausbildungszentrum für Psychoanalytiker in Deutschland. Auch international erlangte es bald Anerkennung. In den folgenden zwei Jahrzehnten leistete das SFI einen wichtigen Beitrag zur Aufarbeitung der nationalsozialistischen Vergangenheit und zur Demokratisierung in Nachkriegsdeutschland.</p>
<p class="csc-header csc-header-n10">Nach Mitscherlichs Ausscheiden im Jahr 1976 übernahm Clemens de Boor die Leitung von 1976 bis 1983, dann von 1983 bis 1985 (kommisarisch) Hermann Argelander und anschließend Dieter Ohlmeier von 1985 bis 1992. Während der folgenden Dekade, in der das Institut eine neue Rechtsform erlangte,  leitete Horst-Eberhard Richter das Institut. Ab 2002 übernahmen Marianne Leuzinger-Bohleber und (ab 2004) Rolf Haubl gemeinsam die Leitung bis 2016, überdies begann Heinz Weiß 2012 als Leiter des medizinischen Schwerpunkts.</p>
<p class="csc-header csc-header-n10">Seit 2016 wird das Sigmund-Freud-Institut geleitet von Vera King (Direktorin des SFI im Rahmen einer Kooperationsprofessur für Soziologie und psychoanalytische Sozialpsychologie an der Goethe-Universität Frankfurt), Patrick Meurs (Direktor des SFI im Rahmen einer Kooperationsprofessur für Psychoanalyse an der Universität Kassel) sowie Heinz Weiß (Chefarzt am RBK Stuttgart) als Leiter des medizinischen Schwerpunkts und der Ambulanz des SFI.</p>
<p class="csc-header csc-header-n10">Bereits 1995 ist das SFI in eine Stiftung des öffentlichen Rechts umgewandelt worden, um sich in enger Zusammenarbeit mit der Frankfurter Goethe-Universität und der Universität Kassel ausschließlich der Forschung zu widmen. Die psychoanalytische Ausbildung erfolgt seitdem im Rahmen der eigenständigen Frankfurter psychoanalytischen (Ausbildungs-)Institute.</p>
<p class="csc-header csc-header-n10">Mittelgeber der das SFI tragenden Stiftung ist das Land Hessen. <a href="https://sigmund-freud-institut.de/index.php/institut/aufgaben/">Aufgaben des Instituts</a> sind Forschung in den Bereichen Sozialpsychologie/Soziologie, Psychologie und Medizin/Psychosomatik sowie die Förderung des wissenschaftlichen Nachwuchses.</p>
<p class="csc-header csc-header-n10">Im Institut wurden und werden zahlreiche psychoanalytisch, klinisch und/oder sozialpsychologisch ausgerichtete sowie transdisziplinäre Forschungsprojekte initiiert und realisiert. Untersucht werden psychische Folgen gesellschaftlichen Wandels, aber auch die Grundlagen der Psychoanalyse oder Präventions- und Psychotherapieforschung &#8211;  zu psychoanalytischen und sozialpsychologischen Analysen der Gegenwart, etwa von Digitalisierungs- und Beschleunigungsfolgen, Migration und Flucht oder transgenerationaler Weitergabe von Traumata, Veränderungen von Familien und Eltern-Kind-Beziehungen. Weitere Informationen finden Sie im Bereich <a href="https://sigmund-freud-institut.de/index.php/forschung/">Forschung</a>.</p>

<p>ENGLISH VERSION Freud und Frankfurt Die Geschichte und Entwicklung des Sigmund-Freud-Instituts Die von Sigmund Freud vor mehr als 100 Jahren begründete Psychoanalyse ist mit der Stadt Frankfurt am Main traditionell eng verbunden. Hier gründete eine Gruppe von Psychiatern und Psychologen, darunter Erich Fromm, Klara Happel, Karl Landauer, Heinrich Meng, Frieda Fromm-Reichmann, Ewald Roellenbleck und Franz &hellip; </p>
<p class="link-more"><a href="https://sigmund-freud-institut.de/index.php/institut/die-geschichte/" class="more-link"><span class="screen-reader-text">„Geschichte“</span> weiterlesen</a></p>
